{"id":1219,"date":"2021-04-19T15:23:45","date_gmt":"2021-04-19T13:23:45","guid":{"rendered":"https:\/\/epm.plurial.net\/pourquoi-choisir-ecole-privee-moleson\/"},"modified":"2022-04-05T16:31:26","modified_gmt":"2022-04-05T14:31:26","slug":"why-choose-the-ecole-privee-moleson","status":"publish","type":"page","link":"https:\/\/www.epmfr.ch\/en\/discover-the-school\/why-choose-the-ecole-privee-moleson\/","title":{"rendered":"Why choose the Ecole Priv\u00e9e Mol\u00e9son"},"content":{"rendered":"<div class=\"wpb-content-wrapper\"><p>[vc_row el_class=&#8221;header&#8221;][vc_column][vc_column_text]<\/p>\n<h1>Why choose the \u00c9cole Priv\u00e9e Mol\u00e9son<\/h1>\n<p>[\/vc_column_text][\/vc_column][\/vc_row][vc_row][vc_column]<p class=\"fil_ariane\"><span><span><a href=\"https:\/\/www.epmfr.ch\/en\/\">Accueil<\/a><\/span><\/span><\/p>[vc_column_text el_class=&#8221;more-spacing&#8221;]<\/p>\n<h2 class=\"violet\">The \u00c9cole Priv\u00e9e Mol\u00e9son is a private French-speaking primary school (1H-8H) located on the Mol\u00e9son Avenue in Fribourg.<\/h2>\n<p>[\/vc_column_text][vc_row_inner][vc_column_inner width=&#8221;2\/3&#8243;][vc_column_text css_animation=&#8221;none&#8221;]Since 2010, the \u00c9cole Priv\u00e9e Mol\u00e9son has been focusing on the personal and participative support of children so that he or she evolves in a harmonious environment. The learning of languages (German and English from 1H) offers children the opportunity to express themselves and communicate in a foreign language but also to discover another culture thanks to the varied skills of the of teachers, all of whom are gratuated.[\/vc_column_text]<div class='row'><div class='col-lg-12 multilink'><div class='link'><div class='link-question'><a href='\/wp-content\/uploads\/2022\/02\/Historique-ELP.pdf' style='font-weight: bold;' target='_blank'>Learn more about the history of the school<\/a><\/div><\/div><\/div><\/div>[vc_column_text el_class=&#8221;more-spacing&#8221;][\/vc_column_text][vc_column_text css_animation=&#8221;none&#8221; el_class=&#8221;more-spacing&#8221;]The \u00c9cole Priv\u00e9e Mol\u00e9son also offers a &#8220;turnkey&#8221; solution for working parents: morning and evening care with extracurricular activities, a cafeteria for lunch, extracurricular sports activities every week. And it is always possible to adjust the morning or evening hours in case of a change in the schedule. This flexibility is really appreciated by parents.[\/vc_column_text][vc_column_text css_animation=&#8221;none&#8221;]<\/p>\n<h2 class=\"violet\" style=\"margin-top: 60px!important;\">The \u00c9cole Priv\u00e9e Mol\u00e9son offers:<\/h2>\n<ul>\n<li>the guidelines of the Plan d&#8217;\u00e9tudes romand (PER)<\/li>\n<li>a qualified and motivated teaching team<\/li>\n<li>small classes allowing for quality teaching<\/li>\n<li>language awareness (Germand and English) from the 1st HarmoS<\/li>\n<li>support in preparing the transition to secondary school<\/li>\n<li>a family atmosphere in bright and well laid out premises<\/li>\n<li>extracurricular activities and an &#8220;\u00e0 la carte&#8221; extracurricular reception from 7:30 am to 18:00 p.m.<\/li>\n<li>a cafeteria for lunch<\/li>\n<li>sport facilities: gym and swimming pool.<\/li>\n<li>a schedule adapted to the children of the primary school<\/li>\n<\/ul>\n<p>[\/vc_column_text]<div class='row'><div class='col-lg-12 multilink'><div class='link'><div class='link-question'><a href='\/en\/discover-the-school\/lequipe\/' style='font-weight: bold;'>The team<\/a><\/div><\/div><div class='link'><div class='link-question'><a href='\/en\/discover-the-school\/offer-of-out-of-school-services\/' style='font-weight: bold;'>Offer of extracurricular activities<\/a><\/div><\/div><div class='link'><div class='link-question'><a href='\/en\/discover-the-school\/equipment-and-infrastructure\/' style='font-weight: bold;'>Equipment and infrastructure<\/a><\/div><\/div><div class='link'><div class='link-question'><a href='\/en\/discover-the-school\/contacts\/' style='font-weight: bold;'>Contact<\/a><\/div><\/div><\/div><\/div>[\/vc_column_inner][vc_column_inner width=&#8221;1\/3&#8243;][\/vc_column_inner][\/vc_row_inner][\/vc_column][\/vc_row]<\/p>\n<\/div>","protected":false},"excerpt":{"rendered":"<p>[vc_row el_class=&#8221;header&#8221;][vc_column][vc_column_text] Why choose the \u00c9cole Priv\u00e9e Mol\u00e9son [\/vc_column_text][\/vc_column][\/vc_row][vc_row][vc_column][vc_column_text el_class=&#8221;more-spacing&#8221;] The \u00c9cole Priv\u00e9e Mol\u00e9son is a private French-speaking primary school (1H-8H) located on the Mol\u00e9son Avenue in Fribourg. [\/vc_column_text][vc_row_inner][vc_column_inner width=&#8221;2\/3&#8243;][vc_column_text css_animation=&#8221;none&#8221;]Since 2010, the \u00c9cole Priv\u00e9e Mol\u00e9son has been focusing on the personal and participative support of children so that he or she evolves in a [&hellip;]<\/p>\n","protected":false},"author":1,"featured_media":0,"parent":1250,"menu_order":0,"comment_status":"closed","ping_status":"closed","template":"","meta":{"_acf_changed":false,"footnotes":""},"class_list":["post-1219","page","type-page","status-publish","hentry"],"acf":[],"yoast_head":"<!-- This site is optimized with the Yoast SEO plugin v24.3 - https:\/\/yoast.com\/wordpress\/plugins\/seo\/ -->\n<title>Welcome to Ecole Priv\u00e9e Mol\u00e9son in Fribourg | Why choose the Ecole Priv\u00e9e Mol\u00e9son<\/title>\n<meta name=\"description\" content=\"The \u00c9cole Priv\u00e9e Mol\u00e9son a private primary school in Fribourg that focuses on language learning (German and English)\" \/>\n<meta name=\"robots\" content=\"index, follow, max-snippet:-1, max-image-preview:large, max-video-preview:-1\" \/>\n<link rel=\"canonical\" href=\"https:\/\/www.epmfr.ch\/en\/discover-the-school\/why-choose-the-ecole-privee-moleson\/\" \/>\n<meta property=\"og:locale\" content=\"en_US\" \/>\n<meta property=\"og:type\" content=\"article\" \/>\n<meta property=\"og:title\" content=\"Welcome to Ecole Priv\u00e9e Mol\u00e9son in Fribourg | Why choose the Ecole Priv\u00e9e Mol\u00e9son\" \/>\n<meta property=\"og:description\" content=\"The \u00c9cole Priv\u00e9e Mol\u00e9son a private primary school in Fribourg that focuses on language learning (German and English)\" \/>\n<meta property=\"og:url\" content=\"https:\/\/www.epmfr.ch\/en\/discover-the-school\/why-choose-the-ecole-privee-moleson\/\" \/>\n<meta property=\"og:site_name\" content=\"Welcome to Ecole Priv\u00e9e Mol\u00e9son in Fribourg\" \/>\n<meta property=\"article:modified_time\" content=\"2022-04-05T14:31:26+00:00\" \/>\n<meta name=\"twitter:card\" content=\"summary_large_image\" \/>\n<meta name=\"twitter:label1\" content=\"Est. reading time\" \/>\n\t<meta name=\"twitter:data1\" content=\"2 minutes\" \/>\n<script type=\"application\/ld+json\" class=\"yoast-schema-graph\">{\"@context\":\"https:\/\/schema.org\",\"@graph\":[{\"@type\":\"WebPage\",\"@id\":\"https:\/\/www.epmfr.ch\/en\/discover-the-school\/why-choose-the-ecole-privee-moleson\/\",\"url\":\"https:\/\/www.epmfr.ch\/en\/discover-the-school\/why-choose-the-ecole-privee-moleson\/\",\"name\":\"Welcome to Ecole Priv\u00e9e Mol\u00e9son in Fribourg | Why choose the Ecole Priv\u00e9e Mol\u00e9son\",\"isPartOf\":{\"@id\":\"https:\/\/www.epmfr.ch\/#website\"},\"datePublished\":\"2021-04-19T13:23:45+00:00\",\"dateModified\":\"2022-04-05T14:31:26+00:00\",\"description\":\"The \u00c9cole Priv\u00e9e Mol\u00e9son a private primary school in Fribourg that focuses on language learning (German and English)\",\"breadcrumb\":{\"@id\":\"https:\/\/www.epmfr.ch\/en\/discover-the-school\/why-choose-the-ecole-privee-moleson\/#breadcrumb\"},\"inLanguage\":\"en-US\",\"potentialAction\":[{\"@type\":\"ReadAction\",\"target\":[\"https:\/\/www.epmfr.ch\/en\/discover-the-school\/why-choose-the-ecole-privee-moleson\/\"]}]},{\"@type\":\"BreadcrumbList\",\"@id\":\"https:\/\/www.epmfr.ch\/en\/discover-the-school\/why-choose-the-ecole-privee-moleson\/#breadcrumb\",\"itemListElement\":[{\"@type\":\"ListItem\",\"position\":1,\"name\":\"Accueil\",\"item\":\"https:\/\/www.epmfr.ch\/en\/\"},{\"@type\":\"ListItem\",\"position\":2,\"name\":\"Discover the school\",\"item\":\"https:\/\/www.epmfr.ch\/en\/discover-the-school\/\"},{\"@type\":\"ListItem\",\"position\":3,\"name\":\"Why choose the Ecole Priv\u00e9e Mol\u00e9son\"}]},{\"@type\":\"WebSite\",\"@id\":\"https:\/\/www.epmfr.ch\/#website\",\"url\":\"https:\/\/www.epmfr.ch\/\",\"name\":\"Welcome to Ecole Priv\u00e9e Mol\u00e9son in Fribourg\",\"description\":\"\",\"potentialAction\":[{\"@type\":\"SearchAction\",\"target\":{\"@type\":\"EntryPoint\",\"urlTemplate\":\"https:\/\/www.epmfr.ch\/?s={search_term_string}\"},\"query-input\":{\"@type\":\"PropertyValueSpecification\",\"valueRequired\":true,\"valueName\":\"search_term_string\"}}],\"inLanguage\":\"en-US\"}]}<\/script>\n<!-- \/ Yoast SEO plugin. -->","yoast_head_json":{"title":"Welcome to Ecole Priv\u00e9e Mol\u00e9son in Fribourg | Why choose the Ecole Priv\u00e9e Mol\u00e9son","description":"The \u00c9cole Priv\u00e9e Mol\u00e9son a private primary school in Fribourg that focuses on language learning (German and English)","robots":{"index":"index","follow":"follow","max-snippet":"max-snippet:-1","max-image-preview":"max-image-preview:large","max-video-preview":"max-video-preview:-1"},"canonical":"https:\/\/www.epmfr.ch\/en\/discover-the-school\/why-choose-the-ecole-privee-moleson\/","og_locale":"en_US","og_type":"article","og_title":"Welcome to Ecole Priv\u00e9e Mol\u00e9son in Fribourg | Why choose the Ecole Priv\u00e9e Mol\u00e9son","og_description":"The \u00c9cole Priv\u00e9e Mol\u00e9son a private primary school in Fribourg that focuses on language learning (German and English)","og_url":"https:\/\/www.epmfr.ch\/en\/discover-the-school\/why-choose-the-ecole-privee-moleson\/","og_site_name":"Welcome to Ecole Priv\u00e9e Mol\u00e9son in Fribourg","article_modified_time":"2022-04-05T14:31:26+00:00","twitter_card":"summary_large_image","twitter_misc":{"Est. reading time":"2 minutes"},"schema":{"@context":"https:\/\/schema.org","@graph":[{"@type":"WebPage","@id":"https:\/\/www.epmfr.ch\/en\/discover-the-school\/why-choose-the-ecole-privee-moleson\/","url":"https:\/\/www.epmfr.ch\/en\/discover-the-school\/why-choose-the-ecole-privee-moleson\/","name":"Welcome to Ecole Priv\u00e9e Mol\u00e9son in Fribourg | Why choose the Ecole Priv\u00e9e Mol\u00e9son","isPartOf":{"@id":"https:\/\/www.epmfr.ch\/#website"},"datePublished":"2021-04-19T13:23:45+00:00","dateModified":"2022-04-05T14:31:26+00:00","description":"The \u00c9cole Priv\u00e9e Mol\u00e9son a private primary school in Fribourg that focuses on language learning (German and English)","breadcrumb":{"@id":"https:\/\/www.epmfr.ch\/en\/discover-the-school\/why-choose-the-ecole-privee-moleson\/#breadcrumb"},"inLanguage":"en-US","potentialAction":[{"@type":"ReadAction","target":["https:\/\/www.epmfr.ch\/en\/discover-the-school\/why-choose-the-ecole-privee-moleson\/"]}]},{"@type":"BreadcrumbList","@id":"https:\/\/www.epmfr.ch\/en\/discover-the-school\/why-choose-the-ecole-privee-moleson\/#breadcrumb","itemListElement":[{"@type":"ListItem","position":1,"name":"Accueil","item":"https:\/\/www.epmfr.ch\/en\/"},{"@type":"ListItem","position":2,"name":"Discover the school","item":"https:\/\/www.epmfr.ch\/en\/discover-the-school\/"},{"@type":"ListItem","position":3,"name":"Why choose the Ecole Priv\u00e9e Mol\u00e9son"}]},{"@type":"WebSite","@id":"https:\/\/www.epmfr.ch\/#website","url":"https:\/\/www.epmfr.ch\/","name":"Welcome to Ecole Priv\u00e9e Mol\u00e9son in Fribourg","description":"","potentialAction":[{"@type":"SearchAction","target":{"@type":"EntryPoint","urlTemplate":"https:\/\/www.epmfr.ch\/?s={search_term_string}"},"query-input":{"@type":"PropertyValueSpecification","valueRequired":true,"valueName":"search_term_string"}}],"inLanguage":"en-US"}]}},"_links":{"self":[{"href":"https:\/\/www.epmfr.ch\/en\/wp-json\/wp\/v2\/pages\/1219","targetHints":{"allow":["GET"]}}],"collection":[{"href":"https:\/\/www.epmfr.ch\/en\/wp-json\/wp\/v2\/pages"}],"about":[{"href":"https:\/\/www.epmfr.ch\/en\/wp-json\/wp\/v2\/types\/page"}],"author":[{"embeddable":true,"href":"https:\/\/www.epmfr.ch\/en\/wp-json\/wp\/v2\/users\/1"}],"replies":[{"embeddable":true,"href":"https:\/\/www.epmfr.ch\/en\/wp-json\/wp\/v2\/comments?post=1219"}],"version-history":[{"count":35,"href":"https:\/\/www.epmfr.ch\/en\/wp-json\/wp\/v2\/pages\/1219\/revisions"}],"predecessor-version":[{"id":2677,"href":"https:\/\/www.epmfr.ch\/en\/wp-json\/wp\/v2\/pages\/1219\/revisions\/2677"}],"up":[{"embeddable":true,"href":"https:\/\/www.epmfr.ch\/en\/wp-json\/wp\/v2\/pages\/1250"}],"wp:attachment":[{"href":"https:\/\/www.epmfr.ch\/en\/wp-json\/wp\/v2\/media?parent=1219"}],"curies":[{"name":"wp","href":"https:\/\/api.w.org\/{rel}","templated":true}]}}

Why choose the Ecole Privée Moléson

<div class="wpb-content-wrapper"><p>[vc_row el_class=&#8221;header&#8221;][vc_column][vc_column_text]</p>
<h1>Why choose the École Privée Moléson</h1>
<p>[/vc_column_text][/vc_column][/vc_row][vc_row][vc_column]<p class="fil_ariane"><span><span><a href="https://www.epmfr.ch/en/">Accueil</a></span></span></p>[vc_column_text el_class=&#8221;more-spacing&#8221;]</p>
<h2 class="violet">The École Privée Moléson is a private French-speaking primary school (1H-8H) located on the Moléson Avenue in Fribourg.</h2>
<p>[/vc_column_text][vc_row_inner][vc_column_inner width=&#8221;2/3&#8243;][vc_column_text css_animation=&#8221;none&#8221;]Since 2010, the École Privée Moléson has been focusing on the personal and participative support of children so that he or she evolves in a harmonious environment. The learning of languages (German and English from 1H) offers children the opportunity to express themselves and communicate in a foreign language but also to discover another culture thanks to the varied skills of the of teachers, all of whom are gratuated.[/vc_column_text]<div class='row'><div class='col-lg-12 multilink'><div class='link'><div class='link-question'><a href='/wp-content/uploads/2022/02/Historique-ELP.pdf' style='font-weight: bold;' target='_blank'>Learn more about the history of the school</a></div></div></div></div>[vc_column_text el_class=&#8221;more-spacing&#8221;][/vc_column_text][vc_column_text css_animation=&#8221;none&#8221; el_class=&#8221;more-spacing&#8221;]The École Privée Moléson also offers a &#8220;turnkey&#8221; solution for working parents: morning and evening care with extracurricular activities, a cafeteria for lunch, extracurricular sports activities every week. And it is always possible to adjust the morning or evening hours in case of a change in the schedule. This flexibility is really appreciated by parents.[/vc_column_text][vc_column_text css_animation=&#8221;none&#8221;]</p>
<h2 class="violet" style="margin-top: 60px!important;">The École Privée Moléson offers:</h2>
<ul>
<li>the guidelines of the Plan d&#8217;études romand (PER)</li>
<li>a qualified and motivated teaching team</li>
<li>small classes allowing for quality teaching</li>
<li>language awareness (Germand and English) from the 1st HarmoS</li>
<li>support in preparing the transition to secondary school</li>
<li>a family atmosphere in bright and well laid out premises</li>
<li>extracurricular activities and an &#8220;à la carte&#8221; extracurricular reception from 7:30 am to 18:00 p.m.</li>
<li>a cafeteria for lunch</li>
<li>sport facilities: gym and swimming pool.</li>
<li>a schedule adapted to the children of the primary school</li>
</ul>
<p>[/vc_column_text]<div class='row'><div class='col-lg-12 multilink'><div class='link'><div class='link-question'><a href='/en/discover-the-school/lequipe/' style='font-weight: bold;'>The team</a></div></div><div class='link'><div class='link-question'><a href='/en/discover-the-school/offer-of-out-of-school-services/' style='font-weight: bold;'>Offer of extracurricular activities</a></div></div><div class='link'><div class='link-question'><a href='/en/discover-the-school/equipment-and-infrastructure/' style='font-weight: bold;'>Equipment and infrastructure</a></div></div><div class='link'><div class='link-question'><a href='/en/discover-the-school/contacts/' style='font-weight: bold;'>Contact</a></div></div></div></div>[/vc_column_inner][vc_column_inner width=&#8221;1/3&#8243;][/vc_column_inner][/vc_row_inner][/vc_column][/vc_row]</p>
</div>

<p>[vc_row el_class=&#8221;header&#8221;][vc_column][vc_column_text] Why choose the École Privée Moléson [/vc_column_text][/vc_column][/vc_row][vc_row][vc_column][vc_column_text el_class=&#8221;more-spacing&#8221;] The École Privée Moléson is a private French-speaking primary school (1H-8H) located on the Moléson Avenue in Fribourg. [/vc_column_text][vc_row_inner][vc_column_inner width=&#8221;2/3&#8243;][vc_column_text css_animation=&#8221;none&#8221;]Since 2010, the École Privée Moléson has been focusing on the personal and participative support of children so that he or she evolves in a [&hellip;]</p>

<!-- This site is optimized with the Yoast SEO plugin v24.3 - https://yoast.com/wordpress/plugins/seo/ -->
<title>Welcome to Ecole Privée Moléson in Fribourg | Why choose the Ecole Privée Moléson</title>
<meta name="description" content="The École Privée Moléson a private primary school in Fribourg that focuses on language learning (German and English)" />
<meta name="robots" content="index, follow, max-snippet:-1, max-image-preview:large, max-video-preview:-1" />
<link rel="canonical" href="https://www.epmfr.ch/en/discover-the-school/why-choose-the-ecole-privee-moleson/" />
<meta property="og:locale" content="en_US" />
<meta property="og:type" content="article" />
<meta property="og:title" content="Welcome to Ecole Privée Moléson in Fribourg | Why choose the Ecole Privée Moléson" />
<meta property="og:description" content="The École Privée Moléson a private primary school in Fribourg that focuses on language learning (German and English)" />
<meta property="og:url" content="https://www.epmfr.ch/en/discover-the-school/why-choose-the-ecole-privee-moleson/" />
<meta property="og:site_name" content="Welcome to Ecole Privée Moléson in Fribourg" />
<meta property="article:modified_time" content="2022-04-05T14:31:26+00:00" />
<meta name="twitter:card" content="summary_large_image" />
<meta name="twitter:label1" content="Est. reading time" />
	<meta name="twitter:data1" content="2 minutes" />
<script type="application/ld+json" class="yoast-schema-graph">{"@context":"https://schema.org","@graph":[{"@type":"WebPage","@id":"https://www.epmfr.ch/en/discover-the-school/why-choose-the-ecole-privee-moleson/","url":"https://www.epmfr.ch/en/discover-the-school/why-choose-the-ecole-privee-moleson/","name":"Welcome to Ecole Privée Moléson in Fribourg | Why choose the Ecole Privée Moléson","isPartOf":{"@id":"https://www.epmfr.ch/#website"},"datePublished":"2021-04-19T13:23:45+00:00","dateModified":"2022-04-05T14:31:26+00:00","description":"The École Privée Moléson a private primary school in Fribourg that focuses on language learning (German and English)","breadcrumb":{"@id":"https://www.epmfr.ch/en/discover-the-school/why-choose-the-ecole-privee-moleson/#breadcrumb"},"inLanguage":"en-US","potentialAction":[{"@type":"ReadAction","target":["https://www.epmfr.ch/en/discover-the-school/why-choose-the-ecole-privee-moleson/"]}]},{"@type":"BreadcrumbList","@id":"https://www.epmfr.ch/en/discover-the-school/why-choose-the-ecole-privee-moleson/#breadcrumb","itemListElement":[{"@type":"ListItem","position":1,"name":"Accueil","item":"https://www.epmfr.ch/en/"},{"@type":"ListItem","position":2,"name":"Discover the school","item":"https://www.epmfr.ch/en/discover-the-school/"},{"@type":"ListItem","position":3,"name":"Why choose the Ecole Privée Moléson"}]},{"@type":"WebSite","@id":"https://www.epmfr.ch/#website","url":"https://www.epmfr.ch/","name":"Welcome to Ecole Privée Moléson in Fribourg","description":"","potentialAction":[{"@type":"SearchAction","target":{"@type":"EntryPoint","urlTemplate":"https://www.epmfr.ch/?s={search_term_string}"},"query-input":{"@type":"PropertyValueSpecification","valueRequired":true,"valueName":"search_term_string"}}],"inLanguage":"en-US"}]}</script>
<!-- / Yoast SEO plugin. -->

Welcome to Ecole Privée Moléson in Fribourg | Why choose the Ecole Privée Moléson

The École Privée Moléson a private primary school in Fribourg that focuses on language learning (German and English)

Welcome to Ecole Privée Moléson in Fribourg
