{"id":1210,"date":"2021-07-05T09:45:22","date_gmt":"2021-07-05T07:45:22","guid":{"rendered":"https:\/\/epm.plurial.net\/fondation\/"},"modified":"2026-06-10T09:44:23","modified_gmt":"2026-06-10T07:44:23","slug":"foundation","status":"publish","type":"page","link":"https:\/\/www.epmfr.ch\/en\/discover-the-school\/foundation\/","title":{"rendered":"Foundation"},"content":{"rendered":"<div class=\"wpb-content-wrapper\"><p>[vc_row el_class=&#8221;header&#8221;][vc_column][vc_column_text]<\/p>\n<h1>Foundation<\/h1>\n<p>[\/vc_column_text][\/vc_column][\/vc_row][vc_row el_class=&#8221;pages&#8221;][vc_column]<p class=\"fil_ariane\"><span><span><a href=\"https:\/\/www.epmfr.ch\/en\/\">Accueil<\/a><\/span><\/span><\/p>[vc_row_inner content_placement=&#8221;top&#8221; css=&#8221;.vc_custom_1625470415710{margin-top: 0px !important;}&#8221;][vc_column_inner width=&#8221;2\/3&#8243;][vc_column_text]The \u00ab Fondation Ecole r\u00e9form\u00e9e de Fribourg \u00bb was established in 2005 following the dissolution of the Ecole libre publique de Fribourg (ELPF), which has been found in 1936.<\/p>\n<p>The Foundation is a non-profit organisation of public utility status, as recognised by the State Council. As such, it&#8217;s a separate legal entity that holds assets and uses them solely for specific purposes, defined in advance in its articles of association. It is non-profit, its managment is disinterested, and it does not benefit a restricted circle of individuals in any way. It is places under the supervision of the competent authority for foundations: the State of Fribourg.<\/p>\n<p>Consequently, the Foundation pursues exclusively non-profit activities in the public interest and aims to support educational, cultural or social cause.<\/p>\n<p>The Fondation \u00c9cole r\u00e9form\u00e9e de Fribourg is responsable, in particular, for the organisation and managment of the \u00c9cole Priv\u00e9e Mol\u00e9son (EPM) and for providing after-school care for the EPM and the German Regional School (ERAF).<\/p>\n<p>The Board of Trustees of the Fondation \u00c9cole r\u00e9form\u00e9e de Fribourg is a voluntary board and is appointed by the Paris Council of the Reformed Church of Fribourg.<\/p>\n<p>The Board:<\/p>\n<ul>\n<li>Decides on the aims and direction of the \u00c9cole Priv\u00e9e Mol\u00e9son \u00a0 \u00a0 \u00a0 \u00a0 \u00a0<a href=\"http:\/\/epmfr.ch\/decouvrir-lecole\/pourquoi-choisir-ecole-privee-moleson\/\">epmfr.ch\/decouvrir-lecole\/pourquoi-choisir-ecole-privee-moleson\/<\/a><\/li>\n<li>Decides on the aims and direction of the after-school care\u00a0 \u00a0 \u00a0 \u00a0\u00a0 \u00a0 \u00a0 \u00a0 \u00a0 \u00a0<a href=\"http:\/\/epmfr.ch\/en\/discover-the-school\/offer-of-out-of-school-services\/\"><u>epmfr.ch\/decouvrir-lecole\/offre-de-prestations-extrascolaires\/<\/u><\/a><\/li>\n<li>Adopts the school regulations<\/li>\n<li>Decides on the budget and approves the account of both organisations<\/li>\n<li>Sets the amount of school fees and other contributions<\/li>\n<li>Appoints the Headteacher of the EPM and the after-schoool care service<\/li>\n<\/ul>\n<p><strong><u>Vision <\/u><\/strong>:<\/p>\n<p>The Foudation&#8217;s priority is to ensure the long-term future of the \u00c9cole Priv\u00e9e Mol\u00e9son in order to provide high-quality education with small class sizes from 1H to 8H, following the Plan d&#8217;\u00e9tudes romand, including personalised and multilingual teaching (French &#8211; German &#8211; English), which is unique in the Canton. Its non-profit activities take the form of educational, cultural and social projects. It&#8217;s also committed to offering parents high-quality after-school care to help them better balance their professional and family lives. Creative, artistic and sports workshops complement the after-school care provision.<\/p>\n<p>To achieve these goals, the Foundation is exploring plans for a new school building to provide more pleasant and spacious facilities and to optimise coordination between the school and the after-school care programme.<\/p>\n<p><u>Contact <\/u>:<\/p>\n<p>You can contact the Fondation \u00c9cole r\u00e9form\u00e9e de Fribourg at <strong><a href=\"mailto:fondation@epmfr.ch\">fondation@epmfr.ch<\/a><\/strong>[\/vc_column_text][\/vc_column_inner][\/vc_row_inner][\/vc_column][\/vc_row]<\/p>\n<\/div>","protected":false},"excerpt":{"rendered":"<p>[vc_row el_class=&#8221;header&#8221;][vc_column][vc_column_text] Foundation [\/vc_column_text][\/vc_column][\/vc_row][vc_row el_class=&#8221;pages&#8221;][vc_column][vc_row_inner content_placement=&#8221;top&#8221; css=&#8221;.vc_custom_1625470415710{margin-top: 0px !important;}&#8221;][vc_column_inner width=&#8221;2\/3&#8243;][vc_column_text]The \u00ab Fondation Ecole r\u00e9form\u00e9e de Fribourg \u00bb was established in 2005 following the dissolution of the Ecole libre publique de Fribourg (ELPF), which has been found in 1936. The Foundation is a non-profit organisation of public utility status, as recognised by the State Council. As [&hellip;]<\/p>\n","protected":false},"author":1,"featured_media":0,"parent":1250,"menu_order":0,"comment_status":"closed","ping_status":"closed","template":"","meta":{"_acf_changed":false,"footnotes":""},"class_list":["post-1210","page","type-page","status-publish","hentry"],"acf":[],"yoast_head":"<!-- This site is optimized with the Yoast SEO plugin v24.3 - https:\/\/yoast.com\/wordpress\/plugins\/seo\/ -->\n<title>Welcome to Ecole Priv\u00e9e Mol\u00e9son in Fribourg | Foundation<\/title>\n<meta name=\"description\" content=\"The Fondation \u00c9cole r\u00e9form\u00e9e de Fribourg is responsible for the organisation and management of the \u00c9cole Priv\u00e9e Mol\u00e9son.\" \/>\n<meta name=\"robots\" content=\"index, follow, max-snippet:-1, max-image-preview:large, max-video-preview:-1\" \/>\n<link rel=\"canonical\" href=\"https:\/\/www.epmfr.ch\/en\/discover-the-school\/foundation\/\" \/>\n<meta property=\"og:locale\" content=\"en_US\" \/>\n<meta property=\"og:type\" content=\"article\" \/>\n<meta property=\"og:title\" content=\"Welcome to Ecole Priv\u00e9e Mol\u00e9son in Fribourg | Foundation\" \/>\n<meta property=\"og:description\" content=\"The Fondation \u00c9cole r\u00e9form\u00e9e de Fribourg is responsible for the organisation and management of the \u00c9cole Priv\u00e9e Mol\u00e9son.\" \/>\n<meta property=\"og:url\" content=\"https:\/\/www.epmfr.ch\/en\/discover-the-school\/foundation\/\" \/>\n<meta property=\"og:site_name\" content=\"Welcome to Ecole Priv\u00e9e Mol\u00e9son in Fribourg\" \/>\n<meta property=\"article:modified_time\" content=\"2026-06-10T07:44:23+00:00\" \/>\n<meta name=\"twitter:card\" content=\"summary_large_image\" \/>\n<meta name=\"twitter:label1\" content=\"Est. reading time\" \/>\n\t<meta name=\"twitter:data1\" content=\"3 minutes\" \/>\n<script type=\"application\/ld+json\" class=\"yoast-schema-graph\">{\"@context\":\"https:\/\/schema.org\",\"@graph\":[{\"@type\":\"WebPage\",\"@id\":\"https:\/\/www.epmfr.ch\/en\/discover-the-school\/foundation\/\",\"url\":\"https:\/\/www.epmfr.ch\/en\/discover-the-school\/foundation\/\",\"name\":\"Welcome to Ecole Priv\u00e9e Mol\u00e9son in Fribourg | Foundation\",\"isPartOf\":{\"@id\":\"https:\/\/www.epmfr.ch\/#website\"},\"datePublished\":\"2021-07-05T07:45:22+00:00\",\"dateModified\":\"2026-06-10T07:44:23+00:00\",\"description\":\"The Fondation \u00c9cole r\u00e9form\u00e9e de Fribourg is responsible for the organisation and management of the \u00c9cole Priv\u00e9e Mol\u00e9son.\",\"breadcrumb\":{\"@id\":\"https:\/\/www.epmfr.ch\/en\/discover-the-school\/foundation\/#breadcrumb\"},\"inLanguage\":\"en-US\",\"potentialAction\":[{\"@type\":\"ReadAction\",\"target\":[\"https:\/\/www.epmfr.ch\/en\/discover-the-school\/foundation\/\"]}]},{\"@type\":\"BreadcrumbList\",\"@id\":\"https:\/\/www.epmfr.ch\/en\/discover-the-school\/foundation\/#breadcrumb\",\"itemListElement\":[{\"@type\":\"ListItem\",\"position\":1,\"name\":\"Accueil\",\"item\":\"https:\/\/www.epmfr.ch\/en\/\"},{\"@type\":\"ListItem\",\"position\":2,\"name\":\"Discover the school\",\"item\":\"https:\/\/www.epmfr.ch\/en\/discover-the-school\/\"},{\"@type\":\"ListItem\",\"position\":3,\"name\":\"Foundation\"}]},{\"@type\":\"WebSite\",\"@id\":\"https:\/\/www.epmfr.ch\/#website\",\"url\":\"https:\/\/www.epmfr.ch\/\",\"name\":\"Welcome to Ecole Priv\u00e9e Mol\u00e9son in Fribourg\",\"description\":\"\",\"potentialAction\":[{\"@type\":\"SearchAction\",\"target\":{\"@type\":\"EntryPoint\",\"urlTemplate\":\"https:\/\/www.epmfr.ch\/?s={search_term_string}\"},\"query-input\":{\"@type\":\"PropertyValueSpecification\",\"valueRequired\":true,\"valueName\":\"search_term_string\"}}],\"inLanguage\":\"en-US\"}]}<\/script>\n<!-- \/ Yoast SEO plugin. -->","yoast_head_json":{"title":"Welcome to Ecole Priv\u00e9e Mol\u00e9son in Fribourg | Foundation","description":"The Fondation \u00c9cole r\u00e9form\u00e9e de Fribourg is responsible for the organisation and management of the \u00c9cole Priv\u00e9e Mol\u00e9son.","robots":{"index":"index","follow":"follow","max-snippet":"max-snippet:-1","max-image-preview":"max-image-preview:large","max-video-preview":"max-video-preview:-1"},"canonical":"https:\/\/www.epmfr.ch\/en\/discover-the-school\/foundation\/","og_locale":"en_US","og_type":"article","og_title":"Welcome to Ecole Priv\u00e9e Mol\u00e9son in Fribourg | Foundation","og_description":"The Fondation \u00c9cole r\u00e9form\u00e9e de Fribourg is responsible for the organisation and management of the \u00c9cole Priv\u00e9e Mol\u00e9son.","og_url":"https:\/\/www.epmfr.ch\/en\/discover-the-school\/foundation\/","og_site_name":"Welcome to Ecole Priv\u00e9e Mol\u00e9son in Fribourg","article_modified_time":"2026-06-10T07:44:23+00:00","twitter_card":"summary_large_image","twitter_misc":{"Est. reading time":"3 minutes"},"schema":{"@context":"https:\/\/schema.org","@graph":[{"@type":"WebPage","@id":"https:\/\/www.epmfr.ch\/en\/discover-the-school\/foundation\/","url":"https:\/\/www.epmfr.ch\/en\/discover-the-school\/foundation\/","name":"Welcome to Ecole Priv\u00e9e Mol\u00e9son in Fribourg | Foundation","isPartOf":{"@id":"https:\/\/www.epmfr.ch\/#website"},"datePublished":"2021-07-05T07:45:22+00:00","dateModified":"2026-06-10T07:44:23+00:00","description":"The Fondation \u00c9cole r\u00e9form\u00e9e de Fribourg is responsible for the organisation and management of the \u00c9cole Priv\u00e9e Mol\u00e9son.","breadcrumb":{"@id":"https:\/\/www.epmfr.ch\/en\/discover-the-school\/foundation\/#breadcrumb"},"inLanguage":"en-US","potentialAction":[{"@type":"ReadAction","target":["https:\/\/www.epmfr.ch\/en\/discover-the-school\/foundation\/"]}]},{"@type":"BreadcrumbList","@id":"https:\/\/www.epmfr.ch\/en\/discover-the-school\/foundation\/#breadcrumb","itemListElement":[{"@type":"ListItem","position":1,"name":"Accueil","item":"https:\/\/www.epmfr.ch\/en\/"},{"@type":"ListItem","position":2,"name":"Discover the school","item":"https:\/\/www.epmfr.ch\/en\/discover-the-school\/"},{"@type":"ListItem","position":3,"name":"Foundation"}]},{"@type":"WebSite","@id":"https:\/\/www.epmfr.ch\/#website","url":"https:\/\/www.epmfr.ch\/","name":"Welcome to Ecole Priv\u00e9e Mol\u00e9son in Fribourg","description":"","potentialAction":[{"@type":"SearchAction","target":{"@type":"EntryPoint","urlTemplate":"https:\/\/www.epmfr.ch\/?s={search_term_string}"},"query-input":{"@type":"PropertyValueSpecification","valueRequired":true,"valueName":"search_term_string"}}],"inLanguage":"en-US"}]}},"_links":{"self":[{"href":"https:\/\/www.epmfr.ch\/en\/wp-json\/wp\/v2\/pages\/1210","targetHints":{"allow":["GET"]}}],"collection":[{"href":"https:\/\/www.epmfr.ch\/en\/wp-json\/wp\/v2\/pages"}],"about":[{"href":"https:\/\/www.epmfr.ch\/en\/wp-json\/wp\/v2\/types\/page"}],"author":[{"embeddable":true,"href":"https:\/\/www.epmfr.ch\/en\/wp-json\/wp\/v2\/users\/1"}],"replies":[{"embeddable":true,"href":"https:\/\/www.epmfr.ch\/en\/wp-json\/wp\/v2\/comments?post=1210"}],"version-history":[{"count":11,"href":"https:\/\/www.epmfr.ch\/en\/wp-json\/wp\/v2\/pages\/1210\/revisions"}],"predecessor-version":[{"id":6046,"href":"https:\/\/www.epmfr.ch\/en\/wp-json\/wp\/v2\/pages\/1210\/revisions\/6046"}],"up":[{"embeddable":true,"href":"https:\/\/www.epmfr.ch\/en\/wp-json\/wp\/v2\/pages\/1250"}],"wp:attachment":[{"href":"https:\/\/www.epmfr.ch\/en\/wp-json\/wp\/v2\/media?parent=1210"}],"curies":[{"name":"wp","href":"https:\/\/api.w.org\/{rel}","templated":true}]}}

<div class="wpb-content-wrapper"><p>[vc_row el_class=&#8221;header&#8221;][vc_column][vc_column_text]</p>
<h1>Foundation</h1>
<p>[/vc_column_text][/vc_column][/vc_row][vc_row el_class=&#8221;pages&#8221;][vc_column]<p class="fil_ariane"><span><span><a href="https://www.epmfr.ch/en/">Accueil</a></span></span></p>[vc_row_inner content_placement=&#8221;top&#8221; css=&#8221;.vc_custom_1625470415710{margin-top: 0px !important;}&#8221;][vc_column_inner width=&#8221;2/3&#8243;][vc_column_text]The « Fondation Ecole réformée de Fribourg » was established in 2005 following the dissolution of the Ecole libre publique de Fribourg (ELPF), which has been found in 1936.</p>
<p>The Foundation is a non-profit organisation of public utility status, as recognised by the State Council. As such, it&#8217;s a separate legal entity that holds assets and uses them solely for specific purposes, defined in advance in its articles of association. It is non-profit, its managment is disinterested, and it does not benefit a restricted circle of individuals in any way. It is places under the supervision of the competent authority for foundations: the State of Fribourg.</p>
<p>Consequently, the Foundation pursues exclusively non-profit activities in the public interest and aims to support educational, cultural or social cause.</p>
<p>The Fondation École réformée de Fribourg is responsable, in particular, for the organisation and managment of the École Privée Moléson (EPM) and for providing after-school care for the EPM and the German Regional School (ERAF).</p>
<p>The Board of Trustees of the Fondation École réformée de Fribourg is a voluntary board and is appointed by the Paris Council of the Reformed Church of Fribourg.</p>
<p>The Board:</p>
<ul>
<li>Decides on the aims and direction of the École Privée Moléson          <a href="http://epmfr.ch/decouvrir-lecole/pourquoi-choisir-ecole-privee-moleson/">epmfr.ch/decouvrir-lecole/pourquoi-choisir-ecole-privee-moleson/</a></li>
<li>Decides on the aims and direction of the after-school care                  <a href="http://epmfr.ch/en/discover-the-school/offer-of-out-of-school-services/"><u>epmfr.ch/decouvrir-lecole/offre-de-prestations-extrascolaires/</u></a></li>
<li>Adopts the school regulations</li>
<li>Decides on the budget and approves the account of both organisations</li>
<li>Sets the amount of school fees and other contributions</li>
<li>Appoints the Headteacher of the EPM and the after-schoool care service</li>
</ul>
<p><strong><u>Vision </u></strong>:</p>
<p>The Foudation&#8217;s priority is to ensure the long-term future of the École Privée Moléson in order to provide high-quality education with small class sizes from 1H to 8H, following the Plan d&#8217;études romand, including personalised and multilingual teaching (French &#8211; German &#8211; English), which is unique in the Canton. Its non-profit activities take the form of educational, cultural and social projects. It&#8217;s also committed to offering parents high-quality after-school care to help them better balance their professional and family lives. Creative, artistic and sports workshops complement the after-school care provision.</p>
<p>To achieve these goals, the Foundation is exploring plans for a new school building to provide more pleasant and spacious facilities and to optimise coordination between the school and the after-school care programme.</p>
<p><u>Contact </u>:</p>
<p>You can contact the Fondation École réformée de Fribourg at <strong><a href="mailto:fondation@epmfr.ch">fondation@epmfr.ch</a></strong>[/vc_column_text][/vc_column_inner][/vc_row_inner][/vc_column][/vc_row]</p>
</div>

<p>[vc_row el_class=&#8221;header&#8221;][vc_column][vc_column_text] Foundation [/vc_column_text][/vc_column][/vc_row][vc_row el_class=&#8221;pages&#8221;][vc_column][vc_row_inner content_placement=&#8221;top&#8221; css=&#8221;.vc_custom_1625470415710{margin-top: 0px !important;}&#8221;][vc_column_inner width=&#8221;2/3&#8243;][vc_column_text]The « Fondation Ecole réformée de Fribourg » was established in 2005 following the dissolution of the Ecole libre publique de Fribourg (ELPF), which has been found in 1936. The Foundation is a non-profit organisation of public utility status, as recognised by the State Council. As [&hellip;]</p>

<!-- This site is optimized with the Yoast SEO plugin v24.3 - https://yoast.com/wordpress/plugins/seo/ -->
<title>Welcome to Ecole Privée Moléson in Fribourg | Foundation</title>
<meta name="description" content="The Fondation École réformée de Fribourg is responsible for the organisation and management of the École Privée Moléson." />
<meta name="robots" content="index, follow, max-snippet:-1, max-image-preview:large, max-video-preview:-1" />
<link rel="canonical" href="https://www.epmfr.ch/en/discover-the-school/foundation/" />
<meta property="og:locale" content="en_US" />
<meta property="og:type" content="article" />
<meta property="og:title" content="Welcome to Ecole Privée Moléson in Fribourg | Foundation" />
<meta property="og:description" content="The Fondation École réformée de Fribourg is responsible for the organisation and management of the École Privée Moléson." />
<meta property="og:url" content="https://www.epmfr.ch/en/discover-the-school/foundation/" />
<meta property="og:site_name" content="Welcome to Ecole Privée Moléson in Fribourg" />
<meta property="article:modified_time" content="2026-06-10T07:44:23+00:00" />
<meta name="twitter:card" content="summary_large_image" />
<meta name="twitter:label1" content="Est. reading time" />
	<meta name="twitter:data1" content="3 minutes" />
<script type="application/ld+json" class="yoast-schema-graph">{"@context":"https://schema.org","@graph":[{"@type":"WebPage","@id":"https://www.epmfr.ch/en/discover-the-school/foundation/","url":"https://www.epmfr.ch/en/discover-the-school/foundation/","name":"Welcome to Ecole Privée Moléson in Fribourg | Foundation","isPartOf":{"@id":"https://www.epmfr.ch/#website"},"datePublished":"2021-07-05T07:45:22+00:00","dateModified":"2026-06-10T07:44:23+00:00","description":"The Fondation École réformée de Fribourg is responsible for the organisation and management of the École Privée Moléson.","breadcrumb":{"@id":"https://www.epmfr.ch/en/discover-the-school/foundation/#breadcrumb"},"inLanguage":"en-US","potentialAction":[{"@type":"ReadAction","target":["https://www.epmfr.ch/en/discover-the-school/foundation/"]}]},{"@type":"BreadcrumbList","@id":"https://www.epmfr.ch/en/discover-the-school/foundation/#breadcrumb","itemListElement":[{"@type":"ListItem","position":1,"name":"Accueil","item":"https://www.epmfr.ch/en/"},{"@type":"ListItem","position":2,"name":"Discover the school","item":"https://www.epmfr.ch/en/discover-the-school/"},{"@type":"ListItem","position":3,"name":"Foundation"}]},{"@type":"WebSite","@id":"https://www.epmfr.ch/#website","url":"https://www.epmfr.ch/","name":"Welcome to Ecole Privée Moléson in Fribourg","description":"","potentialAction":[{"@type":"SearchAction","target":{"@type":"EntryPoint","urlTemplate":"https://www.epmfr.ch/?s={search_term_string}"},"query-input":{"@type":"PropertyValueSpecification","valueRequired":true,"valueName":"search_term_string"}}],"inLanguage":"en-US"}]}</script>
<!-- / Yoast SEO plugin. -->

Welcome to Ecole Privée Moléson in Fribourg | Foundation

The Fondation École réformée de Fribourg is responsible for the organisation and management of the École Privée Moléson.

Welcome to Ecole Privée Moléson in Fribourg
