{"id":1642,"date":"2021-10-25T11:32:53","date_gmt":"2021-10-25T09:32:53","guid":{"rendered":"https:\/\/epm.plurial.net\/notre-actualite\/"},"modified":"2022-03-15T10:14:33","modified_gmt":"2022-03-15T09:14:33","slug":"unsere-neuhigkeiten","status":"publish","type":"page","link":"https:\/\/www.epmfr.ch\/de\/unsere-neuhigkeiten\/","title":{"rendered":"Unsere Neuhigkeiten"},"content":{"rendered":"<div class=\"wpb-content-wrapper\"><p>[vc_row el_class=&#8220;header&#8220;][vc_column][vc_column_text]<\/p>\n<h1>Unsere Neuhigkeiten<\/h1>\n<p>[\/vc_column_text][\/vc_column][\/vc_row][vc_row full_width=&#8220;stretch_row&#8220; el_class=&#8220;pages actualites&#8220;][vc_column]<div class='row'><div class='col-lg-4 col-md-6 actualite'><a href='https:\/\/www.epmfr.ch\/de\/poste-a-pourvoir\/' class='link'><\/a><div class='image' style='background-image: url(https:\/\/www.epmfr.ch\/wp-content\/uploads\/2026\/06\/WhatsApp-Image-2026-04-24-at-16.08.03-2.jpeg);'><\/div><div class='title'>La for\u00eat comme salle de classe<\/div><div class='contenu'><p>Les bienfaits de la for\u00eat comme salle de classe, tous les vendredis matin pour les \u00e9l\u00e8ves de la 1H \u00e0 la 4H.<\/p>\n<p>&nbsp;<\/p>\n<p>&nbsp;<\/p>\n<a href='https:\/\/www.epmfr.ch\/de\/poste-a-pourvoir\/' class='yellow'>Lire la suite ><\/a><\/div><\/div><div class='col-lg-4 col-md-6 actualite'><a href='https:\/\/www.epmfr.ch\/de\/preparation-co\/' class='link'><\/a><div class='image' style='background-image: url(https:\/\/www.epmfr.ch\/wp-content\/uploads\/2026\/04\/Visuel-recto-jpg.jpg);'><\/div><div class='title'>Atelier &#8222;Je me pr\u00e9pare au CO&#8220;<\/div><div class='contenu'><p>Atelier:\u00a0 Je me pr\u00e9pare au CO. Les \u00e9l\u00e8ves d\u00e9veloppent des strat\u00e9gies d&#8217;apprentissage, se dotent d\u2019outils concret pour la gestion du stress ; comprennent le fonctionnement du CO ; d\u00e9veloppent des outils d\u2019organisation du travail ; d\u00e9sacralisent le CO<\/p>\n<a href='https:\/\/www.epmfr.ch\/de\/preparation-co\/' class='yellow'>Lire la suite ><\/a><\/div><\/div><div class='col-lg-4 col-md-6 actualite'><a href='https:\/\/www.epmfr.ch\/de\/clubsepm\/' class='link'><\/a><div class='image' style='background-image: url(https:\/\/www.epmfr.ch\/wp-content\/uploads\/2026\/05\/Pub-scaled.jpg);'><\/div><div class='title'>Clubs EPM<\/div><div class='contenu'><p>K\u00fcnstlerische, spielerische und sportliche Aktivit\u00e4ten, jeden Abend (ausser mittwochs) von 15:30 bis 16:45 Uhr, f\u00fcr Kinder im Alter von 4 bis 12 Jahren<\/p>\n<a href='https:\/\/www.epmfr.ch\/de\/clubsepm\/' class='yellow'>Lire la suite ><\/a><\/div><\/div><\/div>[\/vc_column][\/vc_row]<\/p>\n<\/div>","protected":false},"excerpt":{"rendered":"<p>[vc_row el_class=&#8220;header&#8220;][vc_column][vc_column_text] Unsere Neuhigkeiten [\/vc_column_text][\/vc_column][\/vc_row][vc_row full_width=&#8220;stretch_row&#8220; el_class=&#8220;pages actualites&#8220;][vc_column][\/vc_column][\/vc_row]<\/p>\n","protected":false},"author":1,"featured_media":0,"parent":0,"menu_order":0,"comment_status":"closed","ping_status":"closed","template":"","meta":{"_acf_changed":false,"footnotes":""},"class_list":["post-1642","page","type-page","status-publish","hentry"],"acf":[],"yoast_head":"<!-- This site is optimized with the Yoast SEO plugin v24.3 - https:\/\/yoast.com\/wordpress\/plugins\/seo\/ -->\n<title>Willkommen bei der Ecole Priv\u00e9e Mol\u00e9son in Freiburg | Unsere Neuhigkeiten<\/title>\n<meta name=\"robots\" content=\"index, follow, max-snippet:-1, max-image-preview:large, max-video-preview:-1\" \/>\n<link rel=\"canonical\" href=\"https:\/\/www.epmfr.ch\/de\/unsere-neuhigkeiten\/\" \/>\n<meta property=\"og:locale\" content=\"de_DE\" \/>\n<meta property=\"og:type\" content=\"article\" \/>\n<meta property=\"og:title\" content=\"Willkommen bei der Ecole Priv\u00e9e Mol\u00e9son in Freiburg | Unsere Neuhigkeiten\" \/>\n<meta property=\"og:description\" content=\"[vc_row el_class=&#8220;header&#8220;][vc_column][vc_column_text] Unsere Neuhigkeiten [\/vc_column_text][\/vc_column][\/vc_row][vc_row full_width=&#8220;stretch_row&#8220; el_class=&#8220;pages actualites&#8220;][vc_column][\/vc_column][\/vc_row]\" \/>\n<meta property=\"og:url\" content=\"https:\/\/www.epmfr.ch\/de\/unsere-neuhigkeiten\/\" \/>\n<meta property=\"og:site_name\" content=\"Willkommen bei der Ecole Priv\u00e9e Mol\u00e9son in Freiburg\" \/>\n<meta property=\"article:modified_time\" content=\"2022-03-15T09:14:33+00:00\" \/>\n<meta name=\"twitter:card\" content=\"summary_large_image\" \/>\n<meta name=\"twitter:label1\" content=\"Gesch\u00e4tzte Lesezeit\" \/>\n\t<meta name=\"twitter:data1\" content=\"1\u00a0Minute\" \/>\n<script type=\"application\/ld+json\" class=\"yoast-schema-graph\">{\"@context\":\"https:\/\/schema.org\",\"@graph\":[{\"@type\":\"WebPage\",\"@id\":\"https:\/\/www.epmfr.ch\/de\/unsere-neuhigkeiten\/\",\"url\":\"https:\/\/www.epmfr.ch\/de\/unsere-neuhigkeiten\/\",\"name\":\"Willkommen bei der Ecole Priv\u00e9e Mol\u00e9son in Freiburg | Unsere Neuhigkeiten\",\"isPartOf\":{\"@id\":\"https:\/\/www.epmfr.ch\/#website\"},\"datePublished\":\"2021-10-25T09:32:53+00:00\",\"dateModified\":\"2022-03-15T09:14:33+00:00\",\"breadcrumb\":{\"@id\":\"https:\/\/www.epmfr.ch\/de\/unsere-neuhigkeiten\/#breadcrumb\"},\"inLanguage\":\"de\",\"potentialAction\":[{\"@type\":\"ReadAction\",\"target\":[\"https:\/\/www.epmfr.ch\/de\/unsere-neuhigkeiten\/\"]}]},{\"@type\":\"BreadcrumbList\",\"@id\":\"https:\/\/www.epmfr.ch\/de\/unsere-neuhigkeiten\/#breadcrumb\",\"itemListElement\":[{\"@type\":\"ListItem\",\"position\":1,\"name\":\"Accueil\",\"item\":\"https:\/\/www.epmfr.ch\/de\/\"},{\"@type\":\"ListItem\",\"position\":2,\"name\":\"Unsere Neuhigkeiten\"}]},{\"@type\":\"WebSite\",\"@id\":\"https:\/\/www.epmfr.ch\/#website\",\"url\":\"https:\/\/www.epmfr.ch\/\",\"name\":\"Willkommen bei der Ecole Priv\u00e9e Mol\u00e9son in Freiburg\",\"description\":\"\",\"potentialAction\":[{\"@type\":\"SearchAction\",\"target\":{\"@type\":\"EntryPoint\",\"urlTemplate\":\"https:\/\/www.epmfr.ch\/?s={search_term_string}\"},\"query-input\":{\"@type\":\"PropertyValueSpecification\",\"valueRequired\":true,\"valueName\":\"search_term_string\"}}],\"inLanguage\":\"de\"}]}<\/script>\n<!-- \/ Yoast SEO plugin. -->","yoast_head_json":{"title":"Willkommen bei der Ecole Priv\u00e9e Mol\u00e9son in Freiburg | Unsere Neuhigkeiten","robots":{"index":"index","follow":"follow","max-snippet":"max-snippet:-1","max-image-preview":"max-image-preview:large","max-video-preview":"max-video-preview:-1"},"canonical":"https:\/\/www.epmfr.ch\/de\/unsere-neuhigkeiten\/","og_locale":"de_DE","og_type":"article","og_title":"Willkommen bei der Ecole Priv\u00e9e Mol\u00e9son in Freiburg | Unsere Neuhigkeiten","og_description":"[vc_row el_class=&#8220;header&#8220;][vc_column][vc_column_text] Unsere Neuhigkeiten [\/vc_column_text][\/vc_column][\/vc_row][vc_row full_width=&#8220;stretch_row&#8220; el_class=&#8220;pages actualites&#8220;][vc_column][\/vc_column][\/vc_row]","og_url":"https:\/\/www.epmfr.ch\/de\/unsere-neuhigkeiten\/","og_site_name":"Willkommen bei der Ecole Priv\u00e9e Mol\u00e9son in Freiburg","article_modified_time":"2022-03-15T09:14:33+00:00","twitter_card":"summary_large_image","twitter_misc":{"Gesch\u00e4tzte Lesezeit":"1\u00a0Minute"},"schema":{"@context":"https:\/\/schema.org","@graph":[{"@type":"WebPage","@id":"https:\/\/www.epmfr.ch\/de\/unsere-neuhigkeiten\/","url":"https:\/\/www.epmfr.ch\/de\/unsere-neuhigkeiten\/","name":"Willkommen bei der Ecole Priv\u00e9e Mol\u00e9son in Freiburg | Unsere Neuhigkeiten","isPartOf":{"@id":"https:\/\/www.epmfr.ch\/#website"},"datePublished":"2021-10-25T09:32:53+00:00","dateModified":"2022-03-15T09:14:33+00:00","breadcrumb":{"@id":"https:\/\/www.epmfr.ch\/de\/unsere-neuhigkeiten\/#breadcrumb"},"inLanguage":"de","potentialAction":[{"@type":"ReadAction","target":["https:\/\/www.epmfr.ch\/de\/unsere-neuhigkeiten\/"]}]},{"@type":"BreadcrumbList","@id":"https:\/\/www.epmfr.ch\/de\/unsere-neuhigkeiten\/#breadcrumb","itemListElement":[{"@type":"ListItem","position":1,"name":"Accueil","item":"https:\/\/www.epmfr.ch\/de\/"},{"@type":"ListItem","position":2,"name":"Unsere Neuhigkeiten"}]},{"@type":"WebSite","@id":"https:\/\/www.epmfr.ch\/#website","url":"https:\/\/www.epmfr.ch\/","name":"Willkommen bei der Ecole Priv\u00e9e Mol\u00e9son in Freiburg","description":"","potentialAction":[{"@type":"SearchAction","target":{"@type":"EntryPoint","urlTemplate":"https:\/\/www.epmfr.ch\/?s={search_term_string}"},"query-input":{"@type":"PropertyValueSpecification","valueRequired":true,"valueName":"search_term_string"}}],"inLanguage":"de"}]}},"_links":{"self":[{"href":"https:\/\/www.epmfr.ch\/de\/wp-json\/wp\/v2\/pages\/1642","targetHints":{"allow":["GET"]}}],"collection":[{"href":"https:\/\/www.epmfr.ch\/de\/wp-json\/wp\/v2\/pages"}],"about":[{"href":"https:\/\/www.epmfr.ch\/de\/wp-json\/wp\/v2\/types\/page"}],"author":[{"embeddable":true,"href":"https:\/\/www.epmfr.ch\/de\/wp-json\/wp\/v2\/users\/1"}],"replies":[{"embeddable":true,"href":"https:\/\/www.epmfr.ch\/de\/wp-json\/wp\/v2\/comments?post=1642"}],"version-history":[{"count":11,"href":"https:\/\/www.epmfr.ch\/de\/wp-json\/wp\/v2\/pages\/1642\/revisions"}],"predecessor-version":[{"id":2369,"href":"https:\/\/www.epmfr.ch\/de\/wp-json\/wp\/v2\/pages\/1642\/revisions\/2369"}],"wp:attachment":[{"href":"https:\/\/www.epmfr.ch\/de\/wp-json\/wp\/v2\/media?parent=1642"}],"curies":[{"name":"wp","href":"https:\/\/api.w.org\/{rel}","templated":true}]}}

<div class="wpb-content-wrapper"><p>[vc_row el_class=&#8220;header&#8220;][vc_column][vc_column_text]</p>
<h1>Unsere Neuhigkeiten</h1>
<p>[/vc_column_text][/vc_column][/vc_row][vc_row full_width=&#8220;stretch_row&#8220; el_class=&#8220;pages actualites&#8220;][vc_column]<div class='row'><div class='col-lg-4 col-md-6 actualite'><a href='https://www.epmfr.ch/de/poste-a-pourvoir/' class='link'></a><div class='image' style='background-image: url(https://www.epmfr.ch/wp-content/uploads/2026/06/WhatsApp-Image-2026-04-24-at-16.08.03-2.jpeg);'></div><div class='title'>La forêt comme salle de classe</div><div class='contenu'><p>Les bienfaits de la forêt comme salle de classe, tous les vendredis matin pour les élèves de la 1H à la 4H.</p>
<p>&nbsp;</p>
<p>&nbsp;</p>
<a href='https://www.epmfr.ch/de/poste-a-pourvoir/' class='yellow'>Lire la suite ></a></div></div><div class='col-lg-4 col-md-6 actualite'><a href='https://www.epmfr.ch/de/preparation-co/' class='link'></a><div class='image' style='background-image: url(https://www.epmfr.ch/wp-content/uploads/2026/04/Visuel-recto-jpg.jpg);'></div><div class='title'>Atelier &#8222;Je me prépare au CO&#8220;</div><div class='contenu'><p>Atelier:  Je me prépare au CO. Les élèves développent des stratégies d&#8217;apprentissage, se dotent d’outils concret pour la gestion du stress ; comprennent le fonctionnement du CO ; développent des outils d’organisation du travail ; désacralisent le CO</p>
<a href='https://www.epmfr.ch/de/preparation-co/' class='yellow'>Lire la suite ></a></div></div><div class='col-lg-4 col-md-6 actualite'><a href='https://www.epmfr.ch/de/clubsepm/' class='link'></a><div class='image' style='background-image: url(https://www.epmfr.ch/wp-content/uploads/2026/05/Pub-scaled.jpg);'></div><div class='title'>Clubs EPM</div><div class='contenu'><p>Künstlerische, spielerische und sportliche Aktivitäten, jeden Abend (ausser mittwochs) von 15:30 bis 16:45 Uhr, für Kinder im Alter von 4 bis 12 Jahren</p>
<a href='https://www.epmfr.ch/de/clubsepm/' class='yellow'>Lire la suite ></a></div></div></div>[/vc_column][/vc_row]</p>
</div>

<!-- This site is optimized with the Yoast SEO plugin v24.3 - https://yoast.com/wordpress/plugins/seo/ -->
<title>Willkommen bei der Ecole Privée Moléson in Freiburg | Unsere Neuhigkeiten</title>
<meta name="robots" content="index, follow, max-snippet:-1, max-image-preview:large, max-video-preview:-1" />
<link rel="canonical" href="https://www.epmfr.ch/de/unsere-neuhigkeiten/" />
<meta property="og:locale" content="de_DE" />
<meta property="og:type" content="article" />
<meta property="og:title" content="Willkommen bei der Ecole Privée Moléson in Freiburg | Unsere Neuhigkeiten" />
<meta property="og:description" content="[vc_row el_class=&#8220;header&#8220;][vc_column][vc_column_text] Unsere Neuhigkeiten [/vc_column_text][/vc_column][/vc_row][vc_row full_width=&#8220;stretch_row&#8220; el_class=&#8220;pages actualites&#8220;][vc_column][/vc_column][/vc_row]" />
<meta property="og:url" content="https://www.epmfr.ch/de/unsere-neuhigkeiten/" />
<meta property="og:site_name" content="Willkommen bei der Ecole Privée Moléson in Freiburg" />
<meta property="article:modified_time" content="2022-03-15T09:14:33+00:00" />
<meta name="twitter:card" content="summary_large_image" />
<meta name="twitter:label1" content="Geschätzte Lesezeit" />
	<meta name="twitter:data1" content="1 Minute" />
<script type="application/ld+json" class="yoast-schema-graph">{"@context":"https://schema.org","@graph":[{"@type":"WebPage","@id":"https://www.epmfr.ch/de/unsere-neuhigkeiten/","url":"https://www.epmfr.ch/de/unsere-neuhigkeiten/","name":"Willkommen bei der Ecole Privée Moléson in Freiburg | Unsere Neuhigkeiten","isPartOf":{"@id":"https://www.epmfr.ch/#website"},"datePublished":"2021-10-25T09:32:53+00:00","dateModified":"2022-03-15T09:14:33+00:00","breadcrumb":{"@id":"https://www.epmfr.ch/de/unsere-neuhigkeiten/#breadcrumb"},"inLanguage":"de","potentialAction":[{"@type":"ReadAction","target":["https://www.epmfr.ch/de/unsere-neuhigkeiten/"]}]},{"@type":"BreadcrumbList","@id":"https://www.epmfr.ch/de/unsere-neuhigkeiten/#breadcrumb","itemListElement":[{"@type":"ListItem","position":1,"name":"Accueil","item":"https://www.epmfr.ch/de/"},{"@type":"ListItem","position":2,"name":"Unsere Neuhigkeiten"}]},{"@type":"WebSite","@id":"https://www.epmfr.ch/#website","url":"https://www.epmfr.ch/","name":"Willkommen bei der Ecole Privée Moléson in Freiburg","description":"","potentialAction":[{"@type":"SearchAction","target":{"@type":"EntryPoint","urlTemplate":"https://www.epmfr.ch/?s={search_term_string}"},"query-input":{"@type":"PropertyValueSpecification","valueRequired":true,"valueName":"search_term_string"}}],"inLanguage":"de"}]}</script>
<!-- / Yoast SEO plugin. -->

Willkommen bei der Ecole Privée Moléson in Freiburg | Unsere Neuhigkeiten

Willkommen bei der Ecole Privée Moléson in Freiburg
