{"id":1524,"date":"2021-03-19T11:50:05","date_gmt":"2021-03-19T10:50:05","guid":{"rendered":"https:\/\/epm.plurial.net\/nos-missions\/"},"modified":"2024-09-03T13:18:14","modified_gmt":"2024-09-03T11:18:14","slug":"mehrsprachige-lehre","status":"publish","type":"page","link":"https:\/\/www.epmfr.ch\/de\/mehrsprachige-lehre\/","title":{"rendered":"Mehrsprachige Lehre"},"content":{"rendered":"<div class=\"wpb-content-wrapper\"><p>[vc_row][vc_column][vc_text_separator title=&#8220;Unsere Missionen f\u00fcr Kindergarten und Grundschule&#8220; color=&#8220;black&#8220;][\/vc_column][\/vc_row][vc_row][vc_column width=&#8220;1\/2&#8243;][vc_column_text]<\/p>\n<h5><\/h5>\n<h5 style=\"text-align: justify;\">Die Mission der \u00c9cole Priv\u00e9e Mol\u00e9son ist es, dass jedes Vorschulkind sein Potenzial auf pers\u00f6nlicher, sozialer, motorischer und kognitiver Ebene entwickelt. Indem man sich auf die Vorteile einer mehrsprachigen Umgebung und auf unterhaltsame und angemessenene Aktivit\u00e4ten verl\u00e4sst, ist es ein erfolgreicher Einstieg in die Schulwelt, der gef\u00f6rdert wird.<\/h5>\n<h5 style=\"text-align: justify;\"><\/h5>\n<p>[\/vc_column_text][\/vc_column][vc_column width=&#8220;1\/2&#8243;][vc_column_text]<\/p>\n<h5 style=\"text-align: justify;\">Die \u00c9cole priv\u00e9e Mol\u00e9son orientiert sich am Lehrplan des Kantons Freiburg und konzentriert sich auf das Erlernen von Sprachen (Deutsch und Englisch), damit der Sch\u00fcler seine Sicht auf die Welt erweitern und die F\u00e4higkeiten erwerben kann, in einer vielf\u00e4ltigen Umgebung zu interagieren. Intelektuelle Entwicklung, Flexibilit\u00e4t im Denken, die F\u00e4hgkeit zuzuh\u00f6ren sind alles Eingenschaften, die die Sch\u00fcler in unserer Schule entwickeln.<\/h5>\n<p>[\/vc_column_text][\/vc_column][\/vc_row]<\/p>\n<\/div>","protected":false},"excerpt":{"rendered":"<p>[vc_row][vc_column][vc_text_separator title=&#8220;Unsere Missionen f\u00fcr Kindergarten und Grundschule&#8220; color=&#8220;black&#8220;][\/vc_column][\/vc_row][vc_row][vc_column width=&#8220;1\/2&#8243;][vc_column_text] Die Mission der \u00c9cole Priv\u00e9e Mol\u00e9son ist es, dass jedes Vorschulkind sein Potenzial auf pers\u00f6nlicher, sozialer, motorischer und kognitiver Ebene entwickelt. Indem man sich auf die Vorteile einer mehrsprachigen Umgebung und auf unterhaltsame und angemessenene Aktivit\u00e4ten verl\u00e4sst, ist es ein erfolgreicher Einstieg in die Schulwelt, der [&hellip;]<\/p>\n","protected":false},"author":1,"featured_media":0,"parent":0,"menu_order":0,"comment_status":"closed","ping_status":"closed","template":"","meta":{"_acf_changed":false,"footnotes":""},"class_list":["post-1524","page","type-page","status-publish","hentry"],"acf":[],"yoast_head":"<!-- This site is optimized with the Yoast SEO plugin v24.3 - https:\/\/yoast.com\/wordpress\/plugins\/seo\/ -->\n<title>Willkommen bei der Ecole Priv\u00e9e Mol\u00e9son in Freiburg | Mehrsprachige Lehre<\/title>\n<meta name=\"description\" content=\"Entwickeln das Potenzial jedes Kindes auf pers\u00f6nlicher, sozialer und kognitiver Ebene f\u00fcr einen erfolgreichen Einstieg in die Schulwelt.\" \/>\n<meta name=\"robots\" content=\"index, follow, max-snippet:-1, max-image-preview:large, max-video-preview:-1\" \/>\n<link rel=\"canonical\" href=\"https:\/\/www.epmfr.ch\/de\/mehrsprachige-lehre\/\" \/>\n<meta property=\"og:locale\" content=\"de_DE\" \/>\n<meta property=\"og:type\" content=\"article\" \/>\n<meta property=\"og:title\" content=\"Willkommen bei der Ecole Priv\u00e9e Mol\u00e9son in Freiburg | Mehrsprachige Lehre\" \/>\n<meta property=\"og:description\" content=\"Entwickeln das Potenzial jedes Kindes auf pers\u00f6nlicher, sozialer und kognitiver Ebene f\u00fcr einen erfolgreichen Einstieg in die Schulwelt.\" \/>\n<meta property=\"og:url\" content=\"https:\/\/www.epmfr.ch\/de\/mehrsprachige-lehre\/\" \/>\n<meta property=\"og:site_name\" content=\"Willkommen bei der Ecole Priv\u00e9e Mol\u00e9son in Freiburg\" \/>\n<meta property=\"article:modified_time\" content=\"2024-09-03T11:18:14+00:00\" \/>\n<meta name=\"twitter:card\" content=\"summary_large_image\" \/>\n<meta name=\"twitter:label1\" content=\"Gesch\u00e4tzte Lesezeit\" \/>\n\t<meta name=\"twitter:data1\" content=\"1\u00a0Minute\" \/>\n<script type=\"application\/ld+json\" class=\"yoast-schema-graph\">{\"@context\":\"https:\/\/schema.org\",\"@graph\":[{\"@type\":\"WebPage\",\"@id\":\"https:\/\/www.epmfr.ch\/de\/mehrsprachige-lehre\/\",\"url\":\"https:\/\/www.epmfr.ch\/de\/mehrsprachige-lehre\/\",\"name\":\"Willkommen bei der Ecole Priv\u00e9e Mol\u00e9son in Freiburg | Mehrsprachige Lehre\",\"isPartOf\":{\"@id\":\"https:\/\/www.epmfr.ch\/#website\"},\"datePublished\":\"2021-03-19T10:50:05+00:00\",\"dateModified\":\"2024-09-03T11:18:14+00:00\",\"description\":\"Entwickeln das Potenzial jedes Kindes auf pers\u00f6nlicher, sozialer und kognitiver Ebene f\u00fcr einen erfolgreichen Einstieg in die Schulwelt.\",\"breadcrumb\":{\"@id\":\"https:\/\/www.epmfr.ch\/de\/mehrsprachige-lehre\/#breadcrumb\"},\"inLanguage\":\"de\",\"potentialAction\":[{\"@type\":\"ReadAction\",\"target\":[\"https:\/\/www.epmfr.ch\/de\/mehrsprachige-lehre\/\"]}]},{\"@type\":\"BreadcrumbList\",\"@id\":\"https:\/\/www.epmfr.ch\/de\/mehrsprachige-lehre\/#breadcrumb\",\"itemListElement\":[{\"@type\":\"ListItem\",\"position\":1,\"name\":\"Accueil\",\"item\":\"https:\/\/www.epmfr.ch\/de\/\"},{\"@type\":\"ListItem\",\"position\":2,\"name\":\"Mehrsprachige Lehre\"}]},{\"@type\":\"WebSite\",\"@id\":\"https:\/\/www.epmfr.ch\/#website\",\"url\":\"https:\/\/www.epmfr.ch\/\",\"name\":\"Willkommen bei der Ecole Priv\u00e9e Mol\u00e9son in Freiburg\",\"description\":\"\",\"potentialAction\":[{\"@type\":\"SearchAction\",\"target\":{\"@type\":\"EntryPoint\",\"urlTemplate\":\"https:\/\/www.epmfr.ch\/?s={search_term_string}\"},\"query-input\":{\"@type\":\"PropertyValueSpecification\",\"valueRequired\":true,\"valueName\":\"search_term_string\"}}],\"inLanguage\":\"de\"}]}<\/script>\n<!-- \/ Yoast SEO plugin. -->","yoast_head_json":{"title":"Willkommen bei der Ecole Priv\u00e9e Mol\u00e9son in Freiburg | Mehrsprachige Lehre","description":"Entwickeln das Potenzial jedes Kindes auf pers\u00f6nlicher, sozialer und kognitiver Ebene f\u00fcr einen erfolgreichen Einstieg in die Schulwelt.","robots":{"index":"index","follow":"follow","max-snippet":"max-snippet:-1","max-image-preview":"max-image-preview:large","max-video-preview":"max-video-preview:-1"},"canonical":"https:\/\/www.epmfr.ch\/de\/mehrsprachige-lehre\/","og_locale":"de_DE","og_type":"article","og_title":"Willkommen bei der Ecole Priv\u00e9e Mol\u00e9son in Freiburg | Mehrsprachige Lehre","og_description":"Entwickeln das Potenzial jedes Kindes auf pers\u00f6nlicher, sozialer und kognitiver Ebene f\u00fcr einen erfolgreichen Einstieg in die Schulwelt.","og_url":"https:\/\/www.epmfr.ch\/de\/mehrsprachige-lehre\/","og_site_name":"Willkommen bei der Ecole Priv\u00e9e Mol\u00e9son in Freiburg","article_modified_time":"2024-09-03T11:18:14+00:00","twitter_card":"summary_large_image","twitter_misc":{"Gesch\u00e4tzte Lesezeit":"1\u00a0Minute"},"schema":{"@context":"https:\/\/schema.org","@graph":[{"@type":"WebPage","@id":"https:\/\/www.epmfr.ch\/de\/mehrsprachige-lehre\/","url":"https:\/\/www.epmfr.ch\/de\/mehrsprachige-lehre\/","name":"Willkommen bei der Ecole Priv\u00e9e Mol\u00e9son in Freiburg | Mehrsprachige Lehre","isPartOf":{"@id":"https:\/\/www.epmfr.ch\/#website"},"datePublished":"2021-03-19T10:50:05+00:00","dateModified":"2024-09-03T11:18:14+00:00","description":"Entwickeln das Potenzial jedes Kindes auf pers\u00f6nlicher, sozialer und kognitiver Ebene f\u00fcr einen erfolgreichen Einstieg in die Schulwelt.","breadcrumb":{"@id":"https:\/\/www.epmfr.ch\/de\/mehrsprachige-lehre\/#breadcrumb"},"inLanguage":"de","potentialAction":[{"@type":"ReadAction","target":["https:\/\/www.epmfr.ch\/de\/mehrsprachige-lehre\/"]}]},{"@type":"BreadcrumbList","@id":"https:\/\/www.epmfr.ch\/de\/mehrsprachige-lehre\/#breadcrumb","itemListElement":[{"@type":"ListItem","position":1,"name":"Accueil","item":"https:\/\/www.epmfr.ch\/de\/"},{"@type":"ListItem","position":2,"name":"Mehrsprachige Lehre"}]},{"@type":"WebSite","@id":"https:\/\/www.epmfr.ch\/#website","url":"https:\/\/www.epmfr.ch\/","name":"Willkommen bei der Ecole Priv\u00e9e Mol\u00e9son in Freiburg","description":"","potentialAction":[{"@type":"SearchAction","target":{"@type":"EntryPoint","urlTemplate":"https:\/\/www.epmfr.ch\/?s={search_term_string}"},"query-input":{"@type":"PropertyValueSpecification","valueRequired":true,"valueName":"search_term_string"}}],"inLanguage":"de"}]}},"_links":{"self":[{"href":"https:\/\/www.epmfr.ch\/de\/wp-json\/wp\/v2\/pages\/1524","targetHints":{"allow":["GET"]}}],"collection":[{"href":"https:\/\/www.epmfr.ch\/de\/wp-json\/wp\/v2\/pages"}],"about":[{"href":"https:\/\/www.epmfr.ch\/de\/wp-json\/wp\/v2\/types\/page"}],"author":[{"embeddable":true,"href":"https:\/\/www.epmfr.ch\/de\/wp-json\/wp\/v2\/users\/1"}],"replies":[{"embeddable":true,"href":"https:\/\/www.epmfr.ch\/de\/wp-json\/wp\/v2\/comments?post=1524"}],"version-history":[{"count":6,"href":"https:\/\/www.epmfr.ch\/de\/wp-json\/wp\/v2\/pages\/1524\/revisions"}],"predecessor-version":[{"id":5198,"href":"https:\/\/www.epmfr.ch\/de\/wp-json\/wp\/v2\/pages\/1524\/revisions\/5198"}],"wp:attachment":[{"href":"https:\/\/www.epmfr.ch\/de\/wp-json\/wp\/v2\/media?parent=1524"}],"curies":[{"name":"wp","href":"https:\/\/api.w.org\/{rel}","templated":true}]}}

<div class="wpb-content-wrapper"><p>[vc_row][vc_column][vc_text_separator title=&#8220;Unsere Missionen für Kindergarten und Grundschule&#8220; color=&#8220;black&#8220;][/vc_column][/vc_row][vc_row][vc_column width=&#8220;1/2&#8243;][vc_column_text]</p>
<h5></h5>
<h5 style="text-align: justify;">Die Mission der École Privée Moléson ist es, dass jedes Vorschulkind sein Potenzial auf persönlicher, sozialer, motorischer und kognitiver Ebene entwickelt. Indem man sich auf die Vorteile einer mehrsprachigen Umgebung und auf unterhaltsame und angemessenene Aktivitäten verlässt, ist es ein erfolgreicher Einstieg in die Schulwelt, der gefördert wird.</h5>
<h5 style="text-align: justify;"></h5>
<p>[/vc_column_text][/vc_column][vc_column width=&#8220;1/2&#8243;][vc_column_text]</p>
<h5 style="text-align: justify;">Die École privée Moléson orientiert sich am Lehrplan des Kantons Freiburg und konzentriert sich auf das Erlernen von Sprachen (Deutsch und Englisch), damit der Schüler seine Sicht auf die Welt erweitern und die Fähigkeiten erwerben kann, in einer vielfältigen Umgebung zu interagieren. Intelektuelle Entwicklung, Flexibilität im Denken, die Fähgkeit zuzuhören sind alles Eingenschaften, die die Schüler in unserer Schule entwickeln.</h5>
<p>[/vc_column_text][/vc_column][/vc_row]</p>
</div>

<p>[vc_row][vc_column][vc_text_separator title=&#8220;Unsere Missionen für Kindergarten und Grundschule&#8220; color=&#8220;black&#8220;][/vc_column][/vc_row][vc_row][vc_column width=&#8220;1/2&#8243;][vc_column_text] Die Mission der École Privée Moléson ist es, dass jedes Vorschulkind sein Potenzial auf persönlicher, sozialer, motorischer und kognitiver Ebene entwickelt. Indem man sich auf die Vorteile einer mehrsprachigen Umgebung und auf unterhaltsame und angemessenene Aktivitäten verlässt, ist es ein erfolgreicher Einstieg in die Schulwelt, der [&hellip;]</p>

<!-- This site is optimized with the Yoast SEO plugin v24.3 - https://yoast.com/wordpress/plugins/seo/ -->
<title>Willkommen bei der Ecole Privée Moléson in Freiburg | Mehrsprachige Lehre</title>
<meta name="description" content="Entwickeln das Potenzial jedes Kindes auf persönlicher, sozialer und kognitiver Ebene für einen erfolgreichen Einstieg in die Schulwelt." />
<meta name="robots" content="index, follow, max-snippet:-1, max-image-preview:large, max-video-preview:-1" />
<link rel="canonical" href="https://www.epmfr.ch/de/mehrsprachige-lehre/" />
<meta property="og:locale" content="de_DE" />
<meta property="og:type" content="article" />
<meta property="og:title" content="Willkommen bei der Ecole Privée Moléson in Freiburg | Mehrsprachige Lehre" />
<meta property="og:description" content="Entwickeln das Potenzial jedes Kindes auf persönlicher, sozialer und kognitiver Ebene für einen erfolgreichen Einstieg in die Schulwelt." />
<meta property="og:url" content="https://www.epmfr.ch/de/mehrsprachige-lehre/" />
<meta property="og:site_name" content="Willkommen bei der Ecole Privée Moléson in Freiburg" />
<meta property="article:modified_time" content="2024-09-03T11:18:14+00:00" />
<meta name="twitter:card" content="summary_large_image" />
<meta name="twitter:label1" content="Geschätzte Lesezeit" />
	<meta name="twitter:data1" content="1 Minute" />
<script type="application/ld+json" class="yoast-schema-graph">{"@context":"https://schema.org","@graph":[{"@type":"WebPage","@id":"https://www.epmfr.ch/de/mehrsprachige-lehre/","url":"https://www.epmfr.ch/de/mehrsprachige-lehre/","name":"Willkommen bei der Ecole Privée Moléson in Freiburg | Mehrsprachige Lehre","isPartOf":{"@id":"https://www.epmfr.ch/#website"},"datePublished":"2021-03-19T10:50:05+00:00","dateModified":"2024-09-03T11:18:14+00:00","description":"Entwickeln das Potenzial jedes Kindes auf persönlicher, sozialer und kognitiver Ebene für einen erfolgreichen Einstieg in die Schulwelt.","breadcrumb":{"@id":"https://www.epmfr.ch/de/mehrsprachige-lehre/#breadcrumb"},"inLanguage":"de","potentialAction":[{"@type":"ReadAction","target":["https://www.epmfr.ch/de/mehrsprachige-lehre/"]}]},{"@type":"BreadcrumbList","@id":"https://www.epmfr.ch/de/mehrsprachige-lehre/#breadcrumb","itemListElement":[{"@type":"ListItem","position":1,"name":"Accueil","item":"https://www.epmfr.ch/de/"},{"@type":"ListItem","position":2,"name":"Mehrsprachige Lehre"}]},{"@type":"WebSite","@id":"https://www.epmfr.ch/#website","url":"https://www.epmfr.ch/","name":"Willkommen bei der Ecole Privée Moléson in Freiburg","description":"","potentialAction":[{"@type":"SearchAction","target":{"@type":"EntryPoint","urlTemplate":"https://www.epmfr.ch/?s={search_term_string}"},"query-input":{"@type":"PropertyValueSpecification","valueRequired":true,"valueName":"search_term_string"}}],"inLanguage":"de"}]}</script>
<!-- / Yoast SEO plugin. -->

Willkommen bei der Ecole Privée Moléson in Freiburg | Mehrsprachige Lehre

Entwickeln das Potenzial jedes Kindes auf persönlicher, sozialer und kognitiver Ebene für einen erfolgreichen Einstieg in die Schulwelt.

Willkommen bei der Ecole Privée Moléson in Freiburg
