{"id":1332,"date":"2021-04-19T15:25:16","date_gmt":"2021-04-19T13:25:16","guid":{"rendered":"https:\/\/epm.plurial.net\/equipements-et-infrastructure\/"},"modified":"2023-01-10T13:36:50","modified_gmt":"2023-01-10T12:36:50","slug":"ausruestung-und-infrastruktur","status":"publish","type":"page","link":"https:\/\/www.epmfr.ch\/de\/entdecken-sie-die-schule\/ausruestung-und-infrastruktur\/","title":{"rendered":"Ausr\u00fcstung und Infrastruktur"},"content":{"rendered":"<div class=\"wpb-content-wrapper\"><p>[vc_row el_class=&#8220;header&#8220;][vc_column][vc_column_text]<\/p>\n<h1>Ausr\u00fcstung und Infrastruktur<\/h1>\n<p>[\/vc_column_text][\/vc_column][\/vc_row][vc_row el_class=&#8220;pages&#8220;][vc_column]<p class=\"fil_ariane\"><span><span><a href=\"https:\/\/www.epmfr.ch\/de\/\">Accueil<\/a><\/span><\/span><\/p>[vc_row_inner css=&#8220;.vc_custom_1619097631360{margin-top: 0px !important;}&#8220;][vc_column_inner width=&#8220;1\/2&#8243;][vc_column_text]Unsere Infrastruktur erm\u00f6glicht es, verschiedene ausserchulische Aktivit\u00e4ten am gleichen Ort anzubieten. Unsere R\u00e4umlichkeiten verf\u00fcgen \u00fcber:<\/p>\n<ul>\n<li>ausreichend Klassenzimmer<\/li>\n<li>R\u00e4umlichkeiten f\u00fcr die ausserschulische Betreuung<\/li>\n<li>eine Cafeteria<\/li>\n<li>eine Turnhalle<\/li>\n<li>ein Schwimmbad<\/li>\n<li>und im Winter sogar ein eigens f\u00fcr die Schule angefertigtes Eisfeld, wenn die K\u00e4lte es zul\u00e4sst!<\/li>\n<\/ul>\n<p>&nbsp;<\/p>\n<p>[\/vc_column_text][\/vc_column_inner][vc_column_inner width=&#8220;1\/2&#8243;][vc_images_carousel images=&#8220;408,414,453,450,447,1558&#8243; img_size=&#8220;600&#215;500&#8243;][\/vc_column_inner][\/vc_row_inner][\/vc_column][\/vc_row]<\/p>\n<\/div>","protected":false},"excerpt":{"rendered":"<p>[vc_row el_class=&#8220;header&#8220;][vc_column][vc_column_text] Ausr\u00fcstung und Infrastruktur [\/vc_column_text][\/vc_column][\/vc_row][vc_row el_class=&#8220;pages&#8220;][vc_column][vc_row_inner css=&#8220;.vc_custom_1619097631360{margin-top: 0px !important;}&#8220;][vc_column_inner width=&#8220;1\/2&#8243;][vc_column_text]Unsere Infrastruktur erm\u00f6glicht es, verschiedene ausserchulische Aktivit\u00e4ten am gleichen Ort anzubieten. Unsere R\u00e4umlichkeiten verf\u00fcgen \u00fcber: ausreichend Klassenzimmer R\u00e4umlichkeiten f\u00fcr die ausserschulische Betreuung eine Cafeteria eine Turnhalle ein Schwimmbad und im Winter sogar ein eigens f\u00fcr die Schule angefertigtes Eisfeld, wenn die K\u00e4lte es zul\u00e4sst! &nbsp; [&hellip;]<\/p>\n","protected":false},"author":1,"featured_media":0,"parent":1587,"menu_order":0,"comment_status":"closed","ping_status":"closed","template":"","meta":{"_acf_changed":false,"footnotes":""},"class_list":["post-1332","page","type-page","status-publish","hentry"],"acf":[],"yoast_head":"<!-- This site is optimized with the Yoast SEO plugin v24.3 - https:\/\/yoast.com\/wordpress\/plugins\/seo\/ -->\n<title>Willkommen bei der Ecole Priv\u00e9e Mol\u00e9son in Freiburg | Ausr\u00fcstung und Infrastruktur<\/title>\n<meta name=\"description\" content=\"Unsere Schule verf\u00fcgt \u00fcber ein Schwimmbad, einen Fitnessraum, eine Cafeteria und im Winter sogar eine Eisbahn!\" \/>\n<meta name=\"robots\" content=\"index, follow, max-snippet:-1, max-image-preview:large, max-video-preview:-1\" \/>\n<link rel=\"canonical\" href=\"https:\/\/www.epmfr.ch\/de\/entdecken-sie-die-schule\/ausruestung-und-infrastruktur\/\" \/>\n<meta property=\"og:locale\" content=\"de_DE\" \/>\n<meta property=\"og:type\" content=\"article\" \/>\n<meta property=\"og:title\" content=\"Willkommen bei der Ecole Priv\u00e9e Mol\u00e9son in Freiburg | Ausr\u00fcstung und Infrastruktur\" \/>\n<meta property=\"og:description\" content=\"Unsere Schule verf\u00fcgt \u00fcber ein Schwimmbad, einen Fitnessraum, eine Cafeteria und im Winter sogar eine Eisbahn!\" \/>\n<meta property=\"og:url\" content=\"https:\/\/www.epmfr.ch\/de\/entdecken-sie-die-schule\/ausruestung-und-infrastruktur\/\" \/>\n<meta property=\"og:site_name\" content=\"Willkommen bei der Ecole Priv\u00e9e Mol\u00e9son in Freiburg\" \/>\n<meta property=\"article:modified_time\" content=\"2023-01-10T12:36:50+00:00\" \/>\n<meta name=\"twitter:card\" content=\"summary_large_image\" \/>\n<meta name=\"twitter:label1\" content=\"Gesch\u00e4tzte Lesezeit\" \/>\n\t<meta name=\"twitter:data1\" content=\"1\u00a0Minute\" \/>\n<script type=\"application\/ld+json\" class=\"yoast-schema-graph\">{\"@context\":\"https:\/\/schema.org\",\"@graph\":[{\"@type\":\"WebPage\",\"@id\":\"https:\/\/www.epmfr.ch\/de\/entdecken-sie-die-schule\/ausruestung-und-infrastruktur\/\",\"url\":\"https:\/\/www.epmfr.ch\/de\/entdecken-sie-die-schule\/ausruestung-und-infrastruktur\/\",\"name\":\"Willkommen bei der Ecole Priv\u00e9e Mol\u00e9son in Freiburg | Ausr\u00fcstung und Infrastruktur\",\"isPartOf\":{\"@id\":\"https:\/\/www.epmfr.ch\/#website\"},\"datePublished\":\"2021-04-19T13:25:16+00:00\",\"dateModified\":\"2023-01-10T12:36:50+00:00\",\"description\":\"Unsere Schule verf\u00fcgt \u00fcber ein Schwimmbad, einen Fitnessraum, eine Cafeteria und im Winter sogar eine Eisbahn!\",\"breadcrumb\":{\"@id\":\"https:\/\/www.epmfr.ch\/de\/entdecken-sie-die-schule\/ausruestung-und-infrastruktur\/#breadcrumb\"},\"inLanguage\":\"de\",\"potentialAction\":[{\"@type\":\"ReadAction\",\"target\":[\"https:\/\/www.epmfr.ch\/de\/entdecken-sie-die-schule\/ausruestung-und-infrastruktur\/\"]}]},{\"@type\":\"BreadcrumbList\",\"@id\":\"https:\/\/www.epmfr.ch\/de\/entdecken-sie-die-schule\/ausruestung-und-infrastruktur\/#breadcrumb\",\"itemListElement\":[{\"@type\":\"ListItem\",\"position\":1,\"name\":\"Accueil\",\"item\":\"https:\/\/www.epmfr.ch\/de\/\"},{\"@type\":\"ListItem\",\"position\":2,\"name\":\"Entdecken Sie die Schule\",\"item\":\"https:\/\/www.epmfr.ch\/de\/entdecken-sie-die-schule\/\"},{\"@type\":\"ListItem\",\"position\":3,\"name\":\"Ausr\u00fcstung und Infrastruktur\"}]},{\"@type\":\"WebSite\",\"@id\":\"https:\/\/www.epmfr.ch\/#website\",\"url\":\"https:\/\/www.epmfr.ch\/\",\"name\":\"Willkommen bei der Ecole Priv\u00e9e Mol\u00e9son in Freiburg\",\"description\":\"\",\"potentialAction\":[{\"@type\":\"SearchAction\",\"target\":{\"@type\":\"EntryPoint\",\"urlTemplate\":\"https:\/\/www.epmfr.ch\/?s={search_term_string}\"},\"query-input\":{\"@type\":\"PropertyValueSpecification\",\"valueRequired\":true,\"valueName\":\"search_term_string\"}}],\"inLanguage\":\"de\"}]}<\/script>\n<!-- \/ Yoast SEO plugin. -->","yoast_head_json":{"title":"Willkommen bei der Ecole Priv\u00e9e Mol\u00e9son in Freiburg | Ausr\u00fcstung und Infrastruktur","description":"Unsere Schule verf\u00fcgt \u00fcber ein Schwimmbad, einen Fitnessraum, eine Cafeteria und im Winter sogar eine Eisbahn!","robots":{"index":"index","follow":"follow","max-snippet":"max-snippet:-1","max-image-preview":"max-image-preview:large","max-video-preview":"max-video-preview:-1"},"canonical":"https:\/\/www.epmfr.ch\/de\/entdecken-sie-die-schule\/ausruestung-und-infrastruktur\/","og_locale":"de_DE","og_type":"article","og_title":"Willkommen bei der Ecole Priv\u00e9e Mol\u00e9son in Freiburg | Ausr\u00fcstung und Infrastruktur","og_description":"Unsere Schule verf\u00fcgt \u00fcber ein Schwimmbad, einen Fitnessraum, eine Cafeteria und im Winter sogar eine Eisbahn!","og_url":"https:\/\/www.epmfr.ch\/de\/entdecken-sie-die-schule\/ausruestung-und-infrastruktur\/","og_site_name":"Willkommen bei der Ecole Priv\u00e9e Mol\u00e9son in Freiburg","article_modified_time":"2023-01-10T12:36:50+00:00","twitter_card":"summary_large_image","twitter_misc":{"Gesch\u00e4tzte Lesezeit":"1\u00a0Minute"},"schema":{"@context":"https:\/\/schema.org","@graph":[{"@type":"WebPage","@id":"https:\/\/www.epmfr.ch\/de\/entdecken-sie-die-schule\/ausruestung-und-infrastruktur\/","url":"https:\/\/www.epmfr.ch\/de\/entdecken-sie-die-schule\/ausruestung-und-infrastruktur\/","name":"Willkommen bei der Ecole Priv\u00e9e Mol\u00e9son in Freiburg | Ausr\u00fcstung und Infrastruktur","isPartOf":{"@id":"https:\/\/www.epmfr.ch\/#website"},"datePublished":"2021-04-19T13:25:16+00:00","dateModified":"2023-01-10T12:36:50+00:00","description":"Unsere Schule verf\u00fcgt \u00fcber ein Schwimmbad, einen Fitnessraum, eine Cafeteria und im Winter sogar eine Eisbahn!","breadcrumb":{"@id":"https:\/\/www.epmfr.ch\/de\/entdecken-sie-die-schule\/ausruestung-und-infrastruktur\/#breadcrumb"},"inLanguage":"de","potentialAction":[{"@type":"ReadAction","target":["https:\/\/www.epmfr.ch\/de\/entdecken-sie-die-schule\/ausruestung-und-infrastruktur\/"]}]},{"@type":"BreadcrumbList","@id":"https:\/\/www.epmfr.ch\/de\/entdecken-sie-die-schule\/ausruestung-und-infrastruktur\/#breadcrumb","itemListElement":[{"@type":"ListItem","position":1,"name":"Accueil","item":"https:\/\/www.epmfr.ch\/de\/"},{"@type":"ListItem","position":2,"name":"Entdecken Sie die Schule","item":"https:\/\/www.epmfr.ch\/de\/entdecken-sie-die-schule\/"},{"@type":"ListItem","position":3,"name":"Ausr\u00fcstung und Infrastruktur"}]},{"@type":"WebSite","@id":"https:\/\/www.epmfr.ch\/#website","url":"https:\/\/www.epmfr.ch\/","name":"Willkommen bei der Ecole Priv\u00e9e Mol\u00e9son in Freiburg","description":"","potentialAction":[{"@type":"SearchAction","target":{"@type":"EntryPoint","urlTemplate":"https:\/\/www.epmfr.ch\/?s={search_term_string}"},"query-input":{"@type":"PropertyValueSpecification","valueRequired":true,"valueName":"search_term_string"}}],"inLanguage":"de"}]}},"_links":{"self":[{"href":"https:\/\/www.epmfr.ch\/de\/wp-json\/wp\/v2\/pages\/1332","targetHints":{"allow":["GET"]}}],"collection":[{"href":"https:\/\/www.epmfr.ch\/de\/wp-json\/wp\/v2\/pages"}],"about":[{"href":"https:\/\/www.epmfr.ch\/de\/wp-json\/wp\/v2\/types\/page"}],"author":[{"embeddable":true,"href":"https:\/\/www.epmfr.ch\/de\/wp-json\/wp\/v2\/users\/1"}],"replies":[{"embeddable":true,"href":"https:\/\/www.epmfr.ch\/de\/wp-json\/wp\/v2\/comments?post=1332"}],"version-history":[{"count":14,"href":"https:\/\/www.epmfr.ch\/de\/wp-json\/wp\/v2\/pages\/1332\/revisions"}],"predecessor-version":[{"id":3430,"href":"https:\/\/www.epmfr.ch\/de\/wp-json\/wp\/v2\/pages\/1332\/revisions\/3430"}],"up":[{"embeddable":true,"href":"https:\/\/www.epmfr.ch\/de\/wp-json\/wp\/v2\/pages\/1587"}],"wp:attachment":[{"href":"https:\/\/www.epmfr.ch\/de\/wp-json\/wp\/v2\/media?parent=1332"}],"curies":[{"name":"wp","href":"https:\/\/api.w.org\/{rel}","templated":true}]}}

Ausrüstung und Infrastruktur

<div class="wpb-content-wrapper"><p>[vc_row el_class=&#8220;header&#8220;][vc_column][vc_column_text]</p>
<h1>Ausrüstung und Infrastruktur</h1>
<p>[/vc_column_text][/vc_column][/vc_row][vc_row el_class=&#8220;pages&#8220;][vc_column]<p class="fil_ariane"><span><span><a href="https://www.epmfr.ch/de/">Accueil</a></span></span></p>[vc_row_inner css=&#8220;.vc_custom_1619097631360{margin-top: 0px !important;}&#8220;][vc_column_inner width=&#8220;1/2&#8243;][vc_column_text]Unsere Infrastruktur ermöglicht es, verschiedene ausserchulische Aktivitäten am gleichen Ort anzubieten. Unsere Räumlichkeiten verfügen über:</p>
<ul>
<li>ausreichend Klassenzimmer</li>
<li>Räumlichkeiten für die ausserschulische Betreuung</li>
<li>eine Cafeteria</li>
<li>eine Turnhalle</li>
<li>ein Schwimmbad</li>
<li>und im Winter sogar ein eigens für die Schule angefertigtes Eisfeld, wenn die Kälte es zulässt!</li>
</ul>
<p>&nbsp;</p>
<p>[/vc_column_text][/vc_column_inner][vc_column_inner width=&#8220;1/2&#8243;][vc_images_carousel images=&#8220;408,414,453,450,447,1558&#8243; img_size=&#8220;600&#215;500&#8243;][/vc_column_inner][/vc_row_inner][/vc_column][/vc_row]</p>
</div>

<p>[vc_row el_class=&#8220;header&#8220;][vc_column][vc_column_text] Ausrüstung und Infrastruktur [/vc_column_text][/vc_column][/vc_row][vc_row el_class=&#8220;pages&#8220;][vc_column][vc_row_inner css=&#8220;.vc_custom_1619097631360{margin-top: 0px !important;}&#8220;][vc_column_inner width=&#8220;1/2&#8243;][vc_column_text]Unsere Infrastruktur ermöglicht es, verschiedene ausserchulische Aktivitäten am gleichen Ort anzubieten. Unsere Räumlichkeiten verfügen über: ausreichend Klassenzimmer Räumlichkeiten für die ausserschulische Betreuung eine Cafeteria eine Turnhalle ein Schwimmbad und im Winter sogar ein eigens für die Schule angefertigtes Eisfeld, wenn die Kälte es zulässt! &nbsp; [&hellip;]</p>

<!-- This site is optimized with the Yoast SEO plugin v24.3 - https://yoast.com/wordpress/plugins/seo/ -->
<title>Willkommen bei der Ecole Privée Moléson in Freiburg | Ausrüstung und Infrastruktur</title>
<meta name="description" content="Unsere Schule verfügt über ein Schwimmbad, einen Fitnessraum, eine Cafeteria und im Winter sogar eine Eisbahn!" />
<meta name="robots" content="index, follow, max-snippet:-1, max-image-preview:large, max-video-preview:-1" />
<link rel="canonical" href="https://www.epmfr.ch/de/entdecken-sie-die-schule/ausruestung-und-infrastruktur/" />
<meta property="og:locale" content="de_DE" />
<meta property="og:type" content="article" />
<meta property="og:title" content="Willkommen bei der Ecole Privée Moléson in Freiburg | Ausrüstung und Infrastruktur" />
<meta property="og:description" content="Unsere Schule verfügt über ein Schwimmbad, einen Fitnessraum, eine Cafeteria und im Winter sogar eine Eisbahn!" />
<meta property="og:url" content="https://www.epmfr.ch/de/entdecken-sie-die-schule/ausruestung-und-infrastruktur/" />
<meta property="og:site_name" content="Willkommen bei der Ecole Privée Moléson in Freiburg" />
<meta property="article:modified_time" content="2023-01-10T12:36:50+00:00" />
<meta name="twitter:card" content="summary_large_image" />
<meta name="twitter:label1" content="Geschätzte Lesezeit" />
	<meta name="twitter:data1" content="1 Minute" />
<script type="application/ld+json" class="yoast-schema-graph">{"@context":"https://schema.org","@graph":[{"@type":"WebPage","@id":"https://www.epmfr.ch/de/entdecken-sie-die-schule/ausruestung-und-infrastruktur/","url":"https://www.epmfr.ch/de/entdecken-sie-die-schule/ausruestung-und-infrastruktur/","name":"Willkommen bei der Ecole Privée Moléson in Freiburg | Ausrüstung und Infrastruktur","isPartOf":{"@id":"https://www.epmfr.ch/#website"},"datePublished":"2021-04-19T13:25:16+00:00","dateModified":"2023-01-10T12:36:50+00:00","description":"Unsere Schule verfügt über ein Schwimmbad, einen Fitnessraum, eine Cafeteria und im Winter sogar eine Eisbahn!","breadcrumb":{"@id":"https://www.epmfr.ch/de/entdecken-sie-die-schule/ausruestung-und-infrastruktur/#breadcrumb"},"inLanguage":"de","potentialAction":[{"@type":"ReadAction","target":["https://www.epmfr.ch/de/entdecken-sie-die-schule/ausruestung-und-infrastruktur/"]}]},{"@type":"BreadcrumbList","@id":"https://www.epmfr.ch/de/entdecken-sie-die-schule/ausruestung-und-infrastruktur/#breadcrumb","itemListElement":[{"@type":"ListItem","position":1,"name":"Accueil","item":"https://www.epmfr.ch/de/"},{"@type":"ListItem","position":2,"name":"Entdecken Sie die Schule","item":"https://www.epmfr.ch/de/entdecken-sie-die-schule/"},{"@type":"ListItem","position":3,"name":"Ausrüstung und Infrastruktur"}]},{"@type":"WebSite","@id":"https://www.epmfr.ch/#website","url":"https://www.epmfr.ch/","name":"Willkommen bei der Ecole Privée Moléson in Freiburg","description":"","potentialAction":[{"@type":"SearchAction","target":{"@type":"EntryPoint","urlTemplate":"https://www.epmfr.ch/?s={search_term_string}"},"query-input":{"@type":"PropertyValueSpecification","valueRequired":true,"valueName":"search_term_string"}}],"inLanguage":"de"}]}</script>
<!-- / Yoast SEO plugin. -->

Willkommen bei der Ecole Privée Moléson in Freiburg | Ausrüstung und Infrastruktur

Unsere Schule verfügt über ein Schwimmbad, einen Fitnessraum, eine Cafeteria und im Winter sogar eine Eisbahn!

Willkommen bei der Ecole Privée Moléson in Freiburg
