{"id":1323,"date":"2021-04-19T15:23:45","date_gmt":"2021-04-19T13:23:45","guid":{"rendered":"https:\/\/epm.plurial.net\/pourquoi-choisir-ecole-privee-moleson\/"},"modified":"2022-03-22T14:48:53","modified_gmt":"2022-03-22T13:48:53","slug":"warum-die-epm-waehlen","status":"publish","type":"page","link":"https:\/\/www.epmfr.ch\/de\/entdecken-sie-die-schule\/warum-die-epm-waehlen\/","title":{"rendered":"Warum die EPM w\u00e4hlen"},"content":{"rendered":"<div class=\"wpb-content-wrapper\"><p>[vc_row el_class=&#8220;header&#8220;][vc_column][vc_column_text]<\/p>\n<h1>Warum Sie die \u00c9cole Priv\u00e9e Mol\u00e9son w\u00e4hlen sollten!<\/h1>\n<p>[\/vc_column_text][\/vc_column][\/vc_row][vc_row][vc_column]<p class=\"fil_ariane\"><span><span><a href=\"https:\/\/www.epmfr.ch\/de\/\">Accueil<\/a><\/span><\/span><\/p>[vc_column_text el_class=&#8220;more-spacing&#8220;]<\/p>\n<h2 class=\"violet\">Die \u00c9cole Priv\u00e9e Mol\u00e9son ist eine franz\u00f6sischsprachige Primarschule (1h-8H), die sich an der Mol\u00e9son in Freiburg befindet.<\/h2>\n<p>[\/vc_column_text][vc_row_inner][vc_column_inner width=&#8220;2\/3&#8243;][vc_column_text css_animation=&#8220;none&#8220;]Seit 2010 legt die \u00c9cole Priv\u00e9e Mol\u00e9son den Schwerpunkt auf die pers\u00f6nliche und partizipative Begleitung der Kinder, damit sie sich in einem harmonischen Lebensumfeld entwickeln k\u00f6nnen. Der Sprachenunterricht (Franz\u00f6sisch, Deutsch und Englisch ab der 1H) bietet den Kindern die M\u00f6glichkeit, sich in einer Fremdsprache auszudr\u00fccken und zu kommunizieren, aber auch eine andere Kultur zu entdecken.[\/vc_column_text]<div class='row'><div class='col-lg-12 multilink'><div class='link'><div class='link-question'><a href='\/wp-content\/uploads\/2022\/03\/Histoire-de-lecole-DT.pdf' style='font-weight: bold;' target='_blank'> Erfahren Sie mehr \u00fcber die Geschichte der Schule<\/a><\/div><\/div><\/div><\/div>[vc_column_text el_class=&#8220;more-spacing&#8220;][\/vc_column_text][vc_column_text css_animation=&#8220;none&#8220;]Die \u00c9cole Priv\u00e9e Mol\u00e9son bietet eine &#8222;perfekte&#8220; L\u00f6sung f\u00fcr berufst\u00e4tige Eltern: von 7.30 Uhr bis 18.00 ist Ihr Kind bei uns in guten H\u00e4nden.<\/p>\n<p>Wir bieten sehr viel Flexibilit\u00e4t: Jede Familie kann die angebotenen Module nach ihrem Bed\u00fcrfnis ausw\u00e4hlen und je nach Bed\u00fcrfnis auch kurzfristig anpassen.[\/vc_column_text][vc_column_text css_animation=&#8220;none&#8220;]<\/p>\n<h2 class=\"violet\" style=\"margin-top: 60px!important;\">Die \u00c9cole Priv\u00e9e Mol\u00e9son bietet:<\/h2>\n<ul>\n<li>Unterricht nach den Richtlinien des &#8222;Plan d&#8217;\u00e9tudes romand&#8220; (PER)<\/li>\n<li>Ein qualifiziertes und motiviertes p\u00e4dagogisches Team<\/li>\n<li>Kleine Klassen, die einen qualitativ hochwertigen Unterricht erm\u00f6glichen<\/li>\n<li>Ein an die Kinder des Kindergartens angepasster Zeitplan<\/li>\n<li>Sprachensensibilisierung (Franz\u00f6sisch, Deutsch und English) bereits ab der 1H<\/li>\n<li>Unterst\u00fctzung bei der Vorbereitung auf den \u00dcbergang in die Orientierungsschule<\/li>\n<li>Eine famili\u00e4re Atmosph\u00e4re in hellen und kinderfreundlichen R\u00e4umlichkeiten<\/li>\n<li>Ausserschulisches Betreuungsangebot von 7.30 Uhr bis 18.00 und ausserschulische sportliche Aktivit\u00e4ten wie Kindersport und Schwimmen<\/li>\n<li>Eine Cafeteria zum Mittagessen<\/li>\n<li>Sportanlagen: schulhauseigenes Schwimmbad und eine Turnhalle<\/li>\n<\/ul>\n<p>[\/vc_column_text]<div class='row'><div class='col-lg-12 multilink'><div class='link'><div class='link-question'><a href='\/de\/decouvrir-lecole\/lequipe\/' style='font-weight: bold;'>Das Team<\/a><\/div><\/div><div class='link'><div class='link-question'><a href='\/de\/decouvrir-lecole\/angebot-ausserschulischer-leistungen\/' style='font-weight: bold;'>Angebot au\u00dferschulischer Leistungen<\/a><\/div><\/div><div class='link'><div class='link-question'><a href='\/de\/decouvrir-lecole\/ausruestung-und-infrastruktur\/' style='font-weight: bold;'>Ausr\u00fcstung und Infrastruktur<\/a><\/div><\/div><div class='link'><div class='link-question'><a href='\/de\/decouvrir-lecole\/contacts\/' style='font-weight: bold;'>Kontakte<\/a><\/div><\/div><\/div><\/div>[\/vc_column_inner][vc_column_inner width=&#8220;1\/3&#8243;][\/vc_column_inner][\/vc_row_inner][\/vc_column][\/vc_row]<\/p>\n<\/div>","protected":false},"excerpt":{"rendered":"<p>[vc_row el_class=&#8220;header&#8220;][vc_column][vc_column_text] Warum Sie die \u00c9cole Priv\u00e9e Mol\u00e9son w\u00e4hlen sollten! [\/vc_column_text][\/vc_column][\/vc_row][vc_row][vc_column][vc_column_text el_class=&#8220;more-spacing&#8220;] Die \u00c9cole Priv\u00e9e Mol\u00e9son ist eine franz\u00f6sischsprachige Primarschule (1h-8H), die sich an der Mol\u00e9son in Freiburg befindet. [\/vc_column_text][vc_row_inner][vc_column_inner width=&#8220;2\/3&#8243;][vc_column_text css_animation=&#8220;none&#8220;]Seit 2010 legt die \u00c9cole Priv\u00e9e Mol\u00e9son den Schwerpunkt auf die pers\u00f6nliche und partizipative Begleitung der Kinder, damit sie sich in einem harmonischen Lebensumfeld [&hellip;]<\/p>\n","protected":false},"author":1,"featured_media":0,"parent":1587,"menu_order":0,"comment_status":"closed","ping_status":"closed","template":"","meta":{"_acf_changed":false,"footnotes":""},"class_list":["post-1323","page","type-page","status-publish","hentry"],"acf":[],"yoast_head":"<!-- This site is optimized with the Yoast SEO plugin v24.3 - https:\/\/yoast.com\/wordpress\/plugins\/seo\/ -->\n<title>Willkommen bei der Ecole Priv\u00e9e Mol\u00e9son in Freiburg | Warum die EPM w\u00e4hlen<\/title>\n<meta name=\"description\" content=\"Die \u00c9cole Priv\u00e9e Mol\u00e9son, private Primarschule in Freiburg, die sich auf das Sprachenlernen konzentriert (Deutsch und Englisch)\" \/>\n<meta name=\"robots\" content=\"index, follow, max-snippet:-1, max-image-preview:large, max-video-preview:-1\" \/>\n<link rel=\"canonical\" href=\"https:\/\/www.epmfr.ch\/de\/entdecken-sie-die-schule\/warum-die-epm-waehlen\/\" \/>\n<meta property=\"og:locale\" content=\"de_DE\" \/>\n<meta property=\"og:type\" content=\"article\" \/>\n<meta property=\"og:title\" content=\"Willkommen bei der Ecole Priv\u00e9e Mol\u00e9son in Freiburg | Warum die EPM w\u00e4hlen\" \/>\n<meta property=\"og:description\" content=\"Die \u00c9cole Priv\u00e9e Mol\u00e9son, private Primarschule in Freiburg, die sich auf das Sprachenlernen konzentriert (Deutsch und Englisch)\" \/>\n<meta property=\"og:url\" content=\"https:\/\/www.epmfr.ch\/de\/entdecken-sie-die-schule\/warum-die-epm-waehlen\/\" \/>\n<meta property=\"og:site_name\" content=\"Willkommen bei der Ecole Priv\u00e9e Mol\u00e9son in Freiburg\" \/>\n<meta property=\"article:modified_time\" content=\"2022-03-22T13:48:53+00:00\" \/>\n<meta name=\"twitter:card\" content=\"summary_large_image\" \/>\n<meta name=\"twitter:label1\" content=\"Gesch\u00e4tzte Lesezeit\" \/>\n\t<meta name=\"twitter:data1\" content=\"1\u00a0Minute\" \/>\n<script type=\"application\/ld+json\" class=\"yoast-schema-graph\">{\"@context\":\"https:\/\/schema.org\",\"@graph\":[{\"@type\":\"WebPage\",\"@id\":\"https:\/\/www.epmfr.ch\/de\/entdecken-sie-die-schule\/warum-die-epm-waehlen\/\",\"url\":\"https:\/\/www.epmfr.ch\/de\/entdecken-sie-die-schule\/warum-die-epm-waehlen\/\",\"name\":\"Willkommen bei der Ecole Priv\u00e9e Mol\u00e9son in Freiburg | Warum die EPM w\u00e4hlen\",\"isPartOf\":{\"@id\":\"https:\/\/www.epmfr.ch\/#website\"},\"datePublished\":\"2021-04-19T13:23:45+00:00\",\"dateModified\":\"2022-03-22T13:48:53+00:00\",\"description\":\"Die \u00c9cole Priv\u00e9e Mol\u00e9son, private Primarschule in Freiburg, die sich auf das Sprachenlernen konzentriert (Deutsch und Englisch)\",\"breadcrumb\":{\"@id\":\"https:\/\/www.epmfr.ch\/de\/entdecken-sie-die-schule\/warum-die-epm-waehlen\/#breadcrumb\"},\"inLanguage\":\"de\",\"potentialAction\":[{\"@type\":\"ReadAction\",\"target\":[\"https:\/\/www.epmfr.ch\/de\/entdecken-sie-die-schule\/warum-die-epm-waehlen\/\"]}]},{\"@type\":\"BreadcrumbList\",\"@id\":\"https:\/\/www.epmfr.ch\/de\/entdecken-sie-die-schule\/warum-die-epm-waehlen\/#breadcrumb\",\"itemListElement\":[{\"@type\":\"ListItem\",\"position\":1,\"name\":\"Accueil\",\"item\":\"https:\/\/www.epmfr.ch\/de\/\"},{\"@type\":\"ListItem\",\"position\":2,\"name\":\"Entdecken Sie die Schule\",\"item\":\"https:\/\/www.epmfr.ch\/de\/entdecken-sie-die-schule\/\"},{\"@type\":\"ListItem\",\"position\":3,\"name\":\"Warum die EPM w\u00e4hlen\"}]},{\"@type\":\"WebSite\",\"@id\":\"https:\/\/www.epmfr.ch\/#website\",\"url\":\"https:\/\/www.epmfr.ch\/\",\"name\":\"Willkommen bei der Ecole Priv\u00e9e Mol\u00e9son in Freiburg\",\"description\":\"\",\"potentialAction\":[{\"@type\":\"SearchAction\",\"target\":{\"@type\":\"EntryPoint\",\"urlTemplate\":\"https:\/\/www.epmfr.ch\/?s={search_term_string}\"},\"query-input\":{\"@type\":\"PropertyValueSpecification\",\"valueRequired\":true,\"valueName\":\"search_term_string\"}}],\"inLanguage\":\"de\"}]}<\/script>\n<!-- \/ Yoast SEO plugin. -->","yoast_head_json":{"title":"Willkommen bei der Ecole Priv\u00e9e Mol\u00e9son in Freiburg | Warum die EPM w\u00e4hlen","description":"Die \u00c9cole Priv\u00e9e Mol\u00e9son, private Primarschule in Freiburg, die sich auf das Sprachenlernen konzentriert (Deutsch und Englisch)","robots":{"index":"index","follow":"follow","max-snippet":"max-snippet:-1","max-image-preview":"max-image-preview:large","max-video-preview":"max-video-preview:-1"},"canonical":"https:\/\/www.epmfr.ch\/de\/entdecken-sie-die-schule\/warum-die-epm-waehlen\/","og_locale":"de_DE","og_type":"article","og_title":"Willkommen bei der Ecole Priv\u00e9e Mol\u00e9son in Freiburg | Warum die EPM w\u00e4hlen","og_description":"Die \u00c9cole Priv\u00e9e Mol\u00e9son, private Primarschule in Freiburg, die sich auf das Sprachenlernen konzentriert (Deutsch und Englisch)","og_url":"https:\/\/www.epmfr.ch\/de\/entdecken-sie-die-schule\/warum-die-epm-waehlen\/","og_site_name":"Willkommen bei der Ecole Priv\u00e9e Mol\u00e9son in Freiburg","article_modified_time":"2022-03-22T13:48:53+00:00","twitter_card":"summary_large_image","twitter_misc":{"Gesch\u00e4tzte Lesezeit":"1\u00a0Minute"},"schema":{"@context":"https:\/\/schema.org","@graph":[{"@type":"WebPage","@id":"https:\/\/www.epmfr.ch\/de\/entdecken-sie-die-schule\/warum-die-epm-waehlen\/","url":"https:\/\/www.epmfr.ch\/de\/entdecken-sie-die-schule\/warum-die-epm-waehlen\/","name":"Willkommen bei der Ecole Priv\u00e9e Mol\u00e9son in Freiburg | Warum die EPM w\u00e4hlen","isPartOf":{"@id":"https:\/\/www.epmfr.ch\/#website"},"datePublished":"2021-04-19T13:23:45+00:00","dateModified":"2022-03-22T13:48:53+00:00","description":"Die \u00c9cole Priv\u00e9e Mol\u00e9son, private Primarschule in Freiburg, die sich auf das Sprachenlernen konzentriert (Deutsch und Englisch)","breadcrumb":{"@id":"https:\/\/www.epmfr.ch\/de\/entdecken-sie-die-schule\/warum-die-epm-waehlen\/#breadcrumb"},"inLanguage":"de","potentialAction":[{"@type":"ReadAction","target":["https:\/\/www.epmfr.ch\/de\/entdecken-sie-die-schule\/warum-die-epm-waehlen\/"]}]},{"@type":"BreadcrumbList","@id":"https:\/\/www.epmfr.ch\/de\/entdecken-sie-die-schule\/warum-die-epm-waehlen\/#breadcrumb","itemListElement":[{"@type":"ListItem","position":1,"name":"Accueil","item":"https:\/\/www.epmfr.ch\/de\/"},{"@type":"ListItem","position":2,"name":"Entdecken Sie die Schule","item":"https:\/\/www.epmfr.ch\/de\/entdecken-sie-die-schule\/"},{"@type":"ListItem","position":3,"name":"Warum die EPM w\u00e4hlen"}]},{"@type":"WebSite","@id":"https:\/\/www.epmfr.ch\/#website","url":"https:\/\/www.epmfr.ch\/","name":"Willkommen bei der Ecole Priv\u00e9e Mol\u00e9son in Freiburg","description":"","potentialAction":[{"@type":"SearchAction","target":{"@type":"EntryPoint","urlTemplate":"https:\/\/www.epmfr.ch\/?s={search_term_string}"},"query-input":{"@type":"PropertyValueSpecification","valueRequired":true,"valueName":"search_term_string"}}],"inLanguage":"de"}]}},"_links":{"self":[{"href":"https:\/\/www.epmfr.ch\/de\/wp-json\/wp\/v2\/pages\/1323","targetHints":{"allow":["GET"]}}],"collection":[{"href":"https:\/\/www.epmfr.ch\/de\/wp-json\/wp\/v2\/pages"}],"about":[{"href":"https:\/\/www.epmfr.ch\/de\/wp-json\/wp\/v2\/types\/page"}],"author":[{"embeddable":true,"href":"https:\/\/www.epmfr.ch\/de\/wp-json\/wp\/v2\/users\/1"}],"replies":[{"embeddable":true,"href":"https:\/\/www.epmfr.ch\/de\/wp-json\/wp\/v2\/comments?post=1323"}],"version-history":[{"count":28,"href":"https:\/\/www.epmfr.ch\/de\/wp-json\/wp\/v2\/pages\/1323\/revisions"}],"predecessor-version":[{"id":2585,"href":"https:\/\/www.epmfr.ch\/de\/wp-json\/wp\/v2\/pages\/1323\/revisions\/2585"}],"up":[{"embeddable":true,"href":"https:\/\/www.epmfr.ch\/de\/wp-json\/wp\/v2\/pages\/1587"}],"wp:attachment":[{"href":"https:\/\/www.epmfr.ch\/de\/wp-json\/wp\/v2\/media?parent=1323"}],"curies":[{"name":"wp","href":"https:\/\/api.w.org\/{rel}","templated":true}]}}

Warum die EPM wählen

<div class="wpb-content-wrapper"><p>[vc_row el_class=&#8220;header&#8220;][vc_column][vc_column_text]</p>
<h1>Warum Sie die École Privée Moléson wählen sollten!</h1>
<p>[/vc_column_text][/vc_column][/vc_row][vc_row][vc_column]<p class="fil_ariane"><span><span><a href="https://www.epmfr.ch/de/">Accueil</a></span></span></p>[vc_column_text el_class=&#8220;more-spacing&#8220;]</p>
<h2 class="violet">Die École Privée Moléson ist eine französischsprachige Primarschule (1h-8H), die sich an der Moléson in Freiburg befindet.</h2>
<p>[/vc_column_text][vc_row_inner][vc_column_inner width=&#8220;2/3&#8243;][vc_column_text css_animation=&#8220;none&#8220;]Seit 2010 legt die École Privée Moléson den Schwerpunkt auf die persönliche und partizipative Begleitung der Kinder, damit sie sich in einem harmonischen Lebensumfeld entwickeln können. Der Sprachenunterricht (Französisch, Deutsch und Englisch ab der 1H) bietet den Kindern die Möglichkeit, sich in einer Fremdsprache auszudrücken und zu kommunizieren, aber auch eine andere Kultur zu entdecken.[/vc_column_text]<div class='row'><div class='col-lg-12 multilink'><div class='link'><div class='link-question'><a href='/wp-content/uploads/2022/03/Histoire-de-lecole-DT.pdf' style='font-weight: bold;' target='_blank'> Erfahren Sie mehr über die Geschichte der Schule</a></div></div></div></div>[vc_column_text el_class=&#8220;more-spacing&#8220;][/vc_column_text][vc_column_text css_animation=&#8220;none&#8220;]Die École Privée Moléson bietet eine &#8222;perfekte&#8220; Lösung für berufstätige Eltern: von 7.30 Uhr bis 18.00 ist Ihr Kind bei uns in guten Händen.</p>
<p>Wir bieten sehr viel Flexibilität: Jede Familie kann die angebotenen Module nach ihrem Bedürfnis auswählen und je nach Bedürfnis auch kurzfristig anpassen.[/vc_column_text][vc_column_text css_animation=&#8220;none&#8220;]</p>
<h2 class="violet" style="margin-top: 60px!important;">Die École Privée Moléson bietet:</h2>
<ul>
<li>Unterricht nach den Richtlinien des &#8222;Plan d&#8217;études romand&#8220; (PER)</li>
<li>Ein qualifiziertes und motiviertes pädagogisches Team</li>
<li>Kleine Klassen, die einen qualitativ hochwertigen Unterricht ermöglichen</li>
<li>Ein an die Kinder des Kindergartens angepasster Zeitplan</li>
<li>Sprachensensibilisierung (Französisch, Deutsch und English) bereits ab der 1H</li>
<li>Unterstützung bei der Vorbereitung auf den Übergang in die Orientierungsschule</li>
<li>Eine familiäre Atmosphäre in hellen und kinderfreundlichen Räumlichkeiten</li>
<li>Ausserschulisches Betreuungsangebot von 7.30 Uhr bis 18.00 und ausserschulische sportliche Aktivitäten wie Kindersport und Schwimmen</li>
<li>Eine Cafeteria zum Mittagessen</li>
<li>Sportanlagen: schulhauseigenes Schwimmbad und eine Turnhalle</li>
</ul>
<p>[/vc_column_text]<div class='row'><div class='col-lg-12 multilink'><div class='link'><div class='link-question'><a href='/de/decouvrir-lecole/lequipe/' style='font-weight: bold;'>Das Team</a></div></div><div class='link'><div class='link-question'><a href='/de/decouvrir-lecole/angebot-ausserschulischer-leistungen/' style='font-weight: bold;'>Angebot außerschulischer Leistungen</a></div></div><div class='link'><div class='link-question'><a href='/de/decouvrir-lecole/ausruestung-und-infrastruktur/' style='font-weight: bold;'>Ausrüstung und Infrastruktur</a></div></div><div class='link'><div class='link-question'><a href='/de/decouvrir-lecole/contacts/' style='font-weight: bold;'>Kontakte</a></div></div></div></div>[/vc_column_inner][vc_column_inner width=&#8220;1/3&#8243;][/vc_column_inner][/vc_row_inner][/vc_column][/vc_row]</p>
</div>

<p>[vc_row el_class=&#8220;header&#8220;][vc_column][vc_column_text] Warum Sie die École Privée Moléson wählen sollten! [/vc_column_text][/vc_column][/vc_row][vc_row][vc_column][vc_column_text el_class=&#8220;more-spacing&#8220;] Die École Privée Moléson ist eine französischsprachige Primarschule (1h-8H), die sich an der Moléson in Freiburg befindet. [/vc_column_text][vc_row_inner][vc_column_inner width=&#8220;2/3&#8243;][vc_column_text css_animation=&#8220;none&#8220;]Seit 2010 legt die École Privée Moléson den Schwerpunkt auf die persönliche und partizipative Begleitung der Kinder, damit sie sich in einem harmonischen Lebensumfeld [&hellip;]</p>

<!-- This site is optimized with the Yoast SEO plugin v24.3 - https://yoast.com/wordpress/plugins/seo/ -->
<title>Willkommen bei der Ecole Privée Moléson in Freiburg | Warum die EPM wählen</title>
<meta name="description" content="Die École Privée Moléson, private Primarschule in Freiburg, die sich auf das Sprachenlernen konzentriert (Deutsch und Englisch)" />
<meta name="robots" content="index, follow, max-snippet:-1, max-image-preview:large, max-video-preview:-1" />
<link rel="canonical" href="https://www.epmfr.ch/de/entdecken-sie-die-schule/warum-die-epm-waehlen/" />
<meta property="og:locale" content="de_DE" />
<meta property="og:type" content="article" />
<meta property="og:title" content="Willkommen bei der Ecole Privée Moléson in Freiburg | Warum die EPM wählen" />
<meta property="og:description" content="Die École Privée Moléson, private Primarschule in Freiburg, die sich auf das Sprachenlernen konzentriert (Deutsch und Englisch)" />
<meta property="og:url" content="https://www.epmfr.ch/de/entdecken-sie-die-schule/warum-die-epm-waehlen/" />
<meta property="og:site_name" content="Willkommen bei der Ecole Privée Moléson in Freiburg" />
<meta property="article:modified_time" content="2022-03-22T13:48:53+00:00" />
<meta name="twitter:card" content="summary_large_image" />
<meta name="twitter:label1" content="Geschätzte Lesezeit" />
	<meta name="twitter:data1" content="1 Minute" />
<script type="application/ld+json" class="yoast-schema-graph">{"@context":"https://schema.org","@graph":[{"@type":"WebPage","@id":"https://www.epmfr.ch/de/entdecken-sie-die-schule/warum-die-epm-waehlen/","url":"https://www.epmfr.ch/de/entdecken-sie-die-schule/warum-die-epm-waehlen/","name":"Willkommen bei der Ecole Privée Moléson in Freiburg | Warum die EPM wählen","isPartOf":{"@id":"https://www.epmfr.ch/#website"},"datePublished":"2021-04-19T13:23:45+00:00","dateModified":"2022-03-22T13:48:53+00:00","description":"Die École Privée Moléson, private Primarschule in Freiburg, die sich auf das Sprachenlernen konzentriert (Deutsch und Englisch)","breadcrumb":{"@id":"https://www.epmfr.ch/de/entdecken-sie-die-schule/warum-die-epm-waehlen/#breadcrumb"},"inLanguage":"de","potentialAction":[{"@type":"ReadAction","target":["https://www.epmfr.ch/de/entdecken-sie-die-schule/warum-die-epm-waehlen/"]}]},{"@type":"BreadcrumbList","@id":"https://www.epmfr.ch/de/entdecken-sie-die-schule/warum-die-epm-waehlen/#breadcrumb","itemListElement":[{"@type":"ListItem","position":1,"name":"Accueil","item":"https://www.epmfr.ch/de/"},{"@type":"ListItem","position":2,"name":"Entdecken Sie die Schule","item":"https://www.epmfr.ch/de/entdecken-sie-die-schule/"},{"@type":"ListItem","position":3,"name":"Warum die EPM wählen"}]},{"@type":"WebSite","@id":"https://www.epmfr.ch/#website","url":"https://www.epmfr.ch/","name":"Willkommen bei der Ecole Privée Moléson in Freiburg","description":"","potentialAction":[{"@type":"SearchAction","target":{"@type":"EntryPoint","urlTemplate":"https://www.epmfr.ch/?s={search_term_string}"},"query-input":{"@type":"PropertyValueSpecification","valueRequired":true,"valueName":"search_term_string"}}],"inLanguage":"de"}]}</script>
<!-- / Yoast SEO plugin. -->

Willkommen bei der Ecole Privée Moléson in Freiburg | Warum die EPM wählen

Die École Privée Moléson, private Primarschule in Freiburg, die sich auf das Sprachenlernen konzentriert (Deutsch und Englisch)

Willkommen bei der Ecole Privée Moléson in Freiburg
